CRAN Package Check Results for Package wcox

Last updated on 2024-06-16 00:58:35 CEST.

Flavor Version Tinstall Tcheck Ttotal Status Flags
r-devel-linux-x86_64-debian-clang 1.0 5.26 48.16 53.42 OK
r-devel-linux-x86_64-debian-gcc 1.0 3.94 36.17 40.11 OK
r-devel-linux-x86_64-fedora-clang 1.0 67.26 NOTE
r-devel-linux-x86_64-fedora-gcc 1.0 75.73 NOTE
r-devel-windows-x86_64 1.0 5.00 55.00 60.00 OK
r-patched-linux-x86_64 1.0 4.69 46.77 51.46 OK
r-release-linux-x86_64 1.0 3.43 45.10 48.53 OK
r-release-macos-arm64 1.0 27.00 OK
r-release-macos-x86_64 1.0 42.00 OK
r-release-windows-x86_64 1.0 6.00 56.00 62.00 OK
r-oldrel-macos-arm64 1.0 27.00 OK
r-oldrel-macos-x86_64 1.0 55.00 OK
r-oldrel-windows-x86_64 1.0 7.00 60.00 67.00 OK

Check Details

Version: 1.0
Check: dependencies in R code
Result: NOTE Namespace in Imports field not imported from: ‘survival’ All declared Imports should be used. Flavors: r-devel-linux-x86_64-fedora-clang, r-devel-linux-x86_64-fedora-gcc