CRAN Package Check Results for Package wavelets

Last updated on 2020-08-13 23:48:51 CEST.

Flavor Version Tinstall Tcheck Ttotal Status Flags
r-devel-linux-x86_64-debian-clang 0.3-0.2 7.21 40.95 48.16 OK
r-devel-linux-x86_64-debian-gcc 0.3-0.2 5.85 32.10 37.95 OK
r-devel-linux-x86_64-fedora-clang 0.3-0.2 66.39 NOTE
r-devel-linux-x86_64-fedora-gcc 0.3-0.2 56.44 NOTE
r-devel-windows-ix86+x86_64 0.3-0.2 23.00 84.00 107.00 OK
r-patched-linux-x86_64 0.3-0.2 6.35 41.26 47.61 OK
r-patched-solaris-x86 0.3-0.2 79.50 OK
r-release-linux-x86_64 0.3-0.2 6.58 41.01 47.59 OK
r-release-macos-x86_64 0.3-0.2 OK
r-release-windows-ix86+x86_64 0.3-0.2 16.00 86.00 102.00 OK
r-oldrel-macos-x86_64 0.3-0.2 OK
r-oldrel-windows-ix86+x86_64 0.3-0.2 14.00 56.00 70.00 OK

Check Details

Version: 0.3-0.2
Check: compiled code
Result: NOTE
    File ‘wavelets/libs/wavelets.so’:
     Found no calls to: ‘R_registerRoutines’, ‘R_useDynamicSymbols’
    
    It is good practice to register native routines and to disable symbol
    search.
    
    See ‘Writing portable packages’ in the ‘Writing R Extensions’ manual.
Flavors: r-devel-linux-x86_64-fedora-clang, r-devel-linux-x86_64-fedora-gcc