CRAN Package Check Results for Package walrus

Last updated on 2022-06-28 23:54:19 CEST.

Flavor Version Tinstall Tcheck Ttotal Status Flags
r-devel-linux-x86_64-debian-clang 1.0.4 16.26 37.62 53.88 OK
r-devel-linux-x86_64-debian-gcc 1.0.4 15.36 28.78 44.14 OK
r-devel-linux-x86_64-fedora-clang 1.0.4 79.50 NOTE
r-devel-linux-x86_64-fedora-gcc 1.0.4 79.11 NOTE
r-devel-windows-x86_64 1.0.4 23.00 64.00 87.00 OK
r-patched-linux-x86_64 1.0.4 13.60 35.55 49.15 OK
r-release-linux-x86_64 1.0.4 18.98 36.02 55.00 OK
r-release-macos-arm64 1.0.4 23.00 NOTE
r-release-macos-x86_64 1.0.4 41.00 NOTE
r-release-windows-x86_64 1.0.4 21.00 64.00 85.00 OK
r-oldrel-macos-arm64 1.0.4 28.00 NOTE
r-oldrel-macos-x86_64 1.0.4 32.00 NOTE
r-oldrel-windows-ix86+x86_64 1.0.4 29.00 57.00 86.00 OK

Check Details

Version: 1.0.4
Check: dependencies in R code
Result: NOTE
    Namespaces in Imports field not imported from:
     ‘R6’ ‘WRS2’ ‘ggplot2’
     All declared Imports should be used.
Flavors: r-devel-linux-x86_64-fedora-clang, r-devel-linux-x86_64-fedora-gcc, r-release-macos-arm64, r-release-macos-x86_64, r-oldrel-macos-arm64, r-oldrel-macos-x86_64