CRAN Package Check Results for Package walmartAPI

Last updated on 2022-11-27 00:09:56 CET.

Flavor Version Tinstall Tcheck Ttotal Status Flags
r-devel-linux-x86_64-debian-clang 0.1.5 2.26 24.14 26.40 NOTE
r-devel-linux-x86_64-debian-gcc 0.1.5 1.50 18.86 20.36 NOTE
r-devel-linux-x86_64-fedora-clang 0.1.5 44.93 NOTE
r-devel-linux-x86_64-fedora-gcc 0.1.5 41.40 NOTE
r-devel-windows-x86_64 0.1.5 14.00 53.00 67.00 NOTE
r-patched-linux-x86_64 0.1.5 NOTE
r-release-linux-x86_64 0.1.5 2.23 22.59 24.82 NOTE
r-release-macos-arm64 0.1.5 15.00 NOTE
r-release-macos-x86_64 0.1.5 27.00 NOTE
r-release-windows-x86_64 0.1.5 17.00 52.00 69.00 NOTE
r-oldrel-macos-arm64 0.1.5 18.00 NOTE
r-oldrel-macos-x86_64 0.1.5 21.00 NOTE
r-oldrel-windows-ix86+x86_64 0.1.5 6.00 48.00 54.00 NOTE

Check Details

Version: 0.1.5
Check: LazyData
Result: NOTE
     'LazyData' is specified without a 'data' directory
Flavors: r-devel-linux-x86_64-debian-clang, r-devel-linux-x86_64-debian-gcc, r-devel-linux-x86_64-fedora-clang, r-devel-linux-x86_64-fedora-gcc, r-devel-windows-x86_64, r-patched-linux-x86_64, r-release-linux-x86_64, r-release-macos-arm64, r-release-macos-x86_64, r-release-windows-x86_64, r-oldrel-macos-arm64, r-oldrel-macos-x86_64, r-oldrel-windows-ix86+x86_64