CRAN Package Check Results for Package walkboutr

Last updated on 2024-06-13 00:55:36 CEST.

Flavor Version Tinstall Tcheck Ttotal Status Flags
r-devel-linux-x86_64-debian-clang 0.6.0 3.69 97.81 101.50 OK
r-devel-linux-x86_64-debian-gcc 0.6.0 0.47 1.86 2.33 ERROR
r-devel-linux-x86_64-fedora-clang 0.6.0 126.73 OK
r-devel-linux-x86_64-fedora-gcc 0.6.0 137.33 OK
r-devel-windows-x86_64 0.6.0 5.00 114.00 119.00 OK
r-patched-linux-x86_64 0.6.0 4.11 93.65 97.76 OK
r-release-linux-x86_64 0.6.0 2.32 93.27 95.59 OK
r-release-macos-arm64 0.6.0 47.00 OK
r-release-macos-x86_64 0.6.0 74.00 OK
r-release-windows-x86_64 0.6.0 6.00 115.00 121.00 OK
r-oldrel-macos-arm64 0.6.0 61.00 OK
r-oldrel-macos-x86_64 0.6.0 95.00 OK
r-oldrel-windows-x86_64 0.6.0 6.00 125.00 131.00 OK

Check Details

Version: 0.6.0
Check: package dependencies
Result: ERROR Packages required but not available: 'dplyr', 'ggforce', 'ggplot2', 'lubridate', 'tidyr' Package suggested but not available for checking: ‘testthat’ See section ‘The DESCRIPTION file’ in the ‘Writing R Extensions’ manual. Flavor: r-devel-linux-x86_64-debian-gcc