CRAN Package Check Results for Package wal

Last updated on 2023-01-27 23:38:13 CET.

Flavor Version Tinstall Tcheck Ttotal Status Flags
r-devel-linux-x86_64-debian-clang 0.1.0 5.20 69.86 75.06 NOTE
r-devel-linux-x86_64-debian-gcc 0.1.0 4.16 51.62 55.78 NOTE
r-devel-linux-x86_64-fedora-clang 0.1.0 98.49 NOTE
r-devel-linux-x86_64-fedora-gcc 0.1.0 102.46 NOTE
r-patched-linux-x86_64 0.1.0 5.54 67.41 72.95 NOTE
r-release-linux-x86_64 0.1.0 5.72 68.21 73.93 NOTE
r-release-macos-arm64 0.1.0 22.00 NOTE
r-release-macos-x86_64 0.1.0 41.00 NOTE
r-release-windows-x86_64 0.1.0 26.00 104.00 130.00 NOTE
r-oldrel-macos-arm64 0.1.0 35.00 NOTE
r-oldrel-macos-x86_64 0.1.0 54.00 NOTE
r-oldrel-windows-ix86+x86_64 0.1.0 14.00 99.00 113.00 NOTE

Check Details

Version: 0.1.0
Check: LazyData
Result: NOTE
     'LazyData' is specified without a 'data' directory
Flavors: r-devel-linux-x86_64-debian-clang, r-devel-linux-x86_64-debian-gcc, r-devel-linux-x86_64-fedora-clang, r-devel-linux-x86_64-fedora-gcc, r-patched-linux-x86_64, r-release-linux-x86_64, r-release-macos-arm64, r-release-macos-x86_64, r-release-windows-x86_64, r-oldrel-macos-arm64, r-oldrel-macos-x86_64, r-oldrel-windows-ix86+x86_64