CRAN Package Check Results for Package wactor

Last updated on 2024-07-21 00:56:33 CEST.

Flavor Version Tinstall Tcheck Ttotal Status Flags
r-devel-linux-x86_64-debian-clang 0.0.1 3.22 39.40 42.62 NOTE
r-devel-linux-x86_64-debian-gcc 0.0.1 2.29 30.00 32.29 NOTE
r-devel-linux-x86_64-fedora-clang 0.0.1 56.24 NOTE
r-devel-linux-x86_64-fedora-gcc 0.0.1 50.76 NOTE
r-devel-windows-x86_64 0.0.1 5.00 51.00 56.00 NOTE
r-patched-linux-x86_64 0.0.1 3.89 37.94 41.83 NOTE
r-release-linux-x86_64 0.0.1 2.45 39.23 41.68 NOTE
r-release-macos-arm64 0.0.1 21.00 NOTE
r-release-macos-x86_64 0.0.1 31.00 NOTE
r-release-windows-x86_64 0.0.1 4.00 51.00 55.00 NOTE
r-oldrel-macos-arm64 0.0.1 23.00 NOTE
r-oldrel-macos-x86_64 0.0.1 31.00 NOTE
r-oldrel-windows-x86_64 0.0.1 5.00 56.00 61.00 NOTE

Check Details

Version: 0.0.1
Check: LazyData
Result: NOTE 'LazyData' is specified without a 'data' directory Flavors: r-devel-linux-x86_64-debian-clang, r-devel-linux-x86_64-debian-gcc, r-devel-linux-x86_64-fedora-clang, r-devel-linux-x86_64-fedora-gcc, r-devel-windows-x86_64, r-patched-linux-x86_64, r-release-linux-x86_64, r-release-macos-arm64, r-release-macos-x86_64, r-release-windows-x86_64, r-oldrel-macos-arm64, r-oldrel-macos-x86_64, r-oldrel-windows-x86_64

Version: 0.0.1
Check: dependencies in R code
Result: NOTE Namespaces in Imports field not imported from: ‘Matrix’ ‘R6’ All declared Imports should be used. Flavors: r-devel-linux-x86_64-fedora-clang, r-devel-linux-x86_64-fedora-gcc