CRAN Package Check Results for Package wTO

Last updated on 2021-04-22 23:50:00 CEST.

Flavor Version Tinstall Tcheck Ttotal Status Flags
r-devel-linux-x86_64-debian-clang 1.6.3 4.73 65.64 70.37 NOTE
r-devel-linux-x86_64-debian-gcc 1.6.3 3.96 49.64 53.60 NOTE
r-devel-linux-x86_64-fedora-clang 1.6.3 92.08 NOTE
r-devel-linux-x86_64-fedora-gcc 1.6.3 80.88 NOTE
r-devel-windows-ix86+x86_64 1.6.3 11.00 86.00 97.00 NOTE
r-devel-windows-x86_64-gcc10-UCRT 1.6.3 NOTE
r-patched-linux-x86_64 1.6.3 5.50 60.46 65.96 NOTE
r-patched-solaris-x86 1.6.3 123.50 NOTE
r-release-linux-x86_64 1.6.3 5.43 60.17 65.60 NOTE
r-release-macos-x86_64 1.6.3 NOTE
r-release-windows-ix86+x86_64 1.6.3 12.00 84.00 96.00 NOTE
r-oldrel-macos-x86_64 1.6.3 NOTE
r-oldrel-windows-ix86+x86_64 1.6.3 22.00 86.00 108.00 OK

Check Details

Version: 1.6.3
Check: package vignettes
Result: NOTE
    Package vignette with placeholder title 'Vignette Title':
     'wTOvignette.Rmd'
Flavors: r-devel-linux-x86_64-debian-clang, r-devel-linux-x86_64-debian-gcc, r-devel-windows-ix86+x86_64, r-patched-linux-x86_64, r-release-linux-x86_64, r-release-windows-ix86+x86_64

Version: 1.6.3
Check: dependencies in R code
Result: NOTE
    Namespace in Imports field not imported from: ‘shiny’
     All declared Imports should be used.
Flavors: r-devel-linux-x86_64-fedora-clang, r-devel-linux-x86_64-fedora-gcc, r-devel-windows-x86_64-gcc10-UCRT, r-patched-solaris-x86, r-release-macos-x86_64, r-oldrel-macos-x86_64