CRAN Package Check Results for Package wISAM

Last updated on 2022-07-05 23:55:55 CEST.

Flavor Version Tinstall Tcheck Ttotal Status Flags
r-devel-linux-x86_64-debian-clang 0.2.8 2.73 41.28 44.01 OK
r-devel-linux-x86_64-debian-gcc 0.2.8 1.97 32.65 34.62 OK
r-devel-linux-x86_64-fedora-clang 0.2.8 64.76 NOTE
r-devel-linux-x86_64-fedora-gcc 0.2.8 64.44 NOTE
r-devel-windows-x86_64 0.2.8 22.00 73.00 95.00 OK
r-patched-linux-x86_64 0.2.8 3.14 40.97 44.11 OK
r-release-linux-x86_64 0.2.8 2.99 41.59 44.58 OK
r-release-macos-arm64 0.2.8 22.00 NOTE
r-release-macos-x86_64 0.2.8 38.00 NOTE
r-release-windows-x86_64 0.2.8 10.00 80.00 90.00 OK
r-oldrel-macos-arm64 0.2.8 24.00 NOTE
r-oldrel-macos-x86_64 0.2.8 51.00 NOTE
r-oldrel-windows-ix86+x86_64 0.2.8 9.00 69.00 78.00 OK

Check Details

Version: 0.2.8
Check: dependencies in R code
Result: NOTE
    Namespace in Imports field not imported from: ‘MASS’
     All declared Imports should be used.
Flavors: r-devel-linux-x86_64-fedora-clang, r-devel-linux-x86_64-fedora-gcc, r-release-macos-arm64, r-release-macos-x86_64, r-oldrel-macos-arm64, r-oldrel-macos-x86_64