CRAN Package Check Results for Package vsp

Last updated on 2022-12-07 23:55:28 CET.

Flavor Version Tinstall Tcheck Ttotal Status Flags
r-devel-linux-x86_64-debian-gcc 0.1.1 8.54 88.49 97.03 OK
r-devel-linux-x86_64-fedora-clang 0.1.1 170.74 NOTE
r-devel-linux-x86_64-fedora-gcc 0.1.1 185.16 OK
r-devel-windows-x86_64 0.1.1 47.00 163.00 210.00 OK
r-patched-linux-x86_64 0.1.1 13.73 108.40 122.13 OK
r-release-macos-arm64 0.1.1 53.00 OK
r-release-macos-x86_64 0.1.1 66.00 OK
r-release-windows-x86_64 0.1.1 47.00 159.00 206.00 OK
r-oldrel-macos-arm64 0.1.1 51.00 OK
r-oldrel-macos-x86_64 0.1.1 67.00 OK
r-oldrel-windows-ix86+x86_64 0.1.1 29.00 148.00 177.00 OK

Check Details

Version: 0.1.1
Check: Rd cross-references
Result: NOTE
    Undeclared package ‘progress’ in Rd xrefs
Flavor: r-devel-linux-x86_64-fedora-clang