CRAN Package Check Results for Package vortexR

Last updated on 2019-07-22 06:47:51 CEST.

Flavor Version Tinstall Tcheck Ttotal Status Flags
r-devel-linux-x86_64-debian-clang 1.1.6 8.99 137.78 146.77 NOTE
r-devel-linux-x86_64-debian-gcc 1.1.6 8.13 115.19 123.32 NOTE
r-devel-linux-x86_64-fedora-clang 1.1.6 169.04 NOTE
r-devel-linux-x86_64-fedora-gcc 1.1.6 181.51 NOTE
r-devel-windows-ix86+x86_64 1.1.6 19.00 203.00 222.00 OK
r-patched-linux-x86_64 1.1.6 7.97 135.02 142.99 OK
r-patched-solaris-x86 1.1.6 231.80 OK
r-release-linux-x86_64 1.1.6 7.84 135.08 142.92 OK
r-release-windows-ix86+x86_64 1.1.6 18.00 152.00 170.00 OK
r-release-osx-x86_64 1.1.6 OK
r-oldrel-windows-ix86+x86_64 1.1.6 21.00 199.00 220.00 OK
r-oldrel-osx-x86_64 1.1.6 OK

Check Details

Version: 1.1.6
Check: for non-standard things in the check directory
Result: NOTE
    Found the following files/directories:
     'test' 'testname.rda' 'testname.txt'
Flavors: r-devel-linux-x86_64-debian-clang, r-devel-linux-x86_64-debian-gcc, r-devel-linux-x86_64-fedora-clang, r-devel-linux-x86_64-fedora-gcc