CRAN Package Check Results for Package vlad

Last updated on 2022-07-01 23:53:37 CEST.

Flavor Version Tinstall Tcheck Ttotal Status Flags
r-devel-linux-x86_64-debian-clang 0.2.2 143.04 67.72 210.76 OK
r-devel-linux-x86_64-debian-gcc 0.2.2 115.96 50.71 166.67 OK
r-devel-linux-x86_64-fedora-clang 0.2.2 318.88 OK
r-devel-linux-x86_64-fedora-gcc 0.2.2 280.05 OK
r-devel-windows-x86_64 0.2.2 129.00 115.00 244.00 OK
r-patched-linux-x86_64 0.2.2 122.98 63.44 186.42 OK
r-release-linux-x86_64 0.2.2 95.07 64.35 159.42 OK
r-release-macos-arm64 0.2.2 67.00 NOTE
r-release-macos-x86_64 0.2.2 111.00 NOTE
r-release-windows-x86_64 0.2.2 234.00 121.00 355.00 OK
r-oldrel-macos-arm64 0.2.2 70.00 NOTE
r-oldrel-macos-x86_64 0.2.2 115.00 OK
r-oldrel-windows-ix86+x86_64 0.2.2 354.00 134.00 488.00 OK

Check Details

Version: 0.2.2
Check: installed package size
Result: NOTE
     installed size is 5.0Mb
     sub-directories of 1Mb or more:
     libs 4.5Mb
Flavors: r-release-macos-arm64, r-release-macos-x86_64, r-oldrel-macos-arm64