Last updated on 2022-05-27 23:55:00 CEST.
Flavor | Version | Tinstall | Tcheck | Ttotal | Status | Flags |
---|---|---|---|---|---|---|
r-devel-linux-x86_64-debian-clang | 0.2.3 | 10.54 | 271.70 | 282.24 | OK | |
r-devel-linux-x86_64-debian-gcc | 0.2.3 | 8.50 | 197.34 | 205.84 | OK | |
r-devel-linux-x86_64-fedora-clang | 0.2.3 | 337.71 | NOTE | |||
r-devel-linux-x86_64-fedora-gcc | 0.2.3 | 320.40 | NOTE | |||
r-devel-windows-x86_64 | 0.2.3 | 21.00 | 286.00 | 307.00 | OK | |
r-patched-linux-x86_64 | 0.2.3 | 7.93 | 254.33 | 262.26 | OK | |
r-release-linux-x86_64 | 0.2.3 | 6.78 | 254.21 | 260.99 | OK | |
r-release-macos-arm64 | 0.2.3 | 125.00 | NOTE | |||
r-release-macos-x86_64 | 0.2.3 | 213.00 | NOTE | |||
r-release-windows-x86_64 | 0.2.3 | 19.00 | 282.00 | 301.00 | OK | |
r-oldrel-macos-arm64 | 0.2.3 | 318.00 | NOTE | |||
r-oldrel-macos-x86_64 | 0.2.3 | 161.00 | NOTE | |||
r-oldrel-windows-ix86+x86_64 | 0.2.3 | 25.00 | 280.00 | 305.00 | OK |
Version: 0.2.3
Check: dependencies in R code
Result: NOTE
Namespaces in Imports field not imported from:
‘RColorBrewer’ ‘colorspace’ ‘tidyr’
All declared Imports should be used.
Flavors: r-devel-linux-x86_64-fedora-clang, r-devel-linux-x86_64-fedora-gcc, r-release-macos-arm64, r-release-macos-x86_64, r-oldrel-macos-arm64, r-oldrel-macos-x86_64
Version: 0.2.3
Check: package dependencies
Result: NOTE
Package suggested but not available for checking: ‘zenplots’
Flavor: r-release-macos-arm64