Last updated on 2022-07-05 23:55:55 CEST.
Flavor | Version | Tinstall | Tcheck | Ttotal | Status | Flags |
---|---|---|---|---|---|---|
r-devel-linux-x86_64-debian-clang | 1.3.4 | 21.51 | 169.41 | 190.92 | OK | |
r-devel-linux-x86_64-debian-gcc | 1.3.4 | 17.70 | 124.65 | 142.35 | OK | |
r-devel-linux-x86_64-fedora-clang | 1.3.4 | 253.00 | NOTE | |||
r-devel-linux-x86_64-fedora-gcc | 1.3.4 | 254.18 | OK | |||
r-devel-windows-x86_64 | 1.3.4 | 38.00 | 177.00 | 215.00 | OK | |
r-patched-linux-x86_64 | 1.3.4 | 25.34 | 175.44 | 200.78 | OK | |
r-release-linux-x86_64 | 1.3.4 | 23.04 | 178.62 | 201.66 | OK | |
r-release-macos-arm64 | 1.3.4 | 117.00 | OK | |||
r-release-macos-x86_64 | 1.3.4 | 172.00 | OK | |||
r-release-windows-x86_64 | 1.3.4 | 35.00 | 191.00 | 226.00 | OK | |
r-oldrel-macos-arm64 | 1.3.4 | 108.00 | OK | |||
r-oldrel-macos-x86_64 | 1.3.4 | 138.00 | OK | |||
r-oldrel-windows-ix86+x86_64 | 1.3.4 | 44.00 | 189.00 | 233.00 | OK |
Version: 1.3.4
Check: package dependencies
Result: NOTE
Imports includes 23 non-default packages.
Importing from so many packages makes the package vulnerable to any of
them becoming unavailable. Move as many as possible to Suggests and
use conditionally.
Flavor: r-devel-linux-x86_64-fedora-clang