Last updated on 2022-06-24 23:50:26 CEST.
Flavor | Version | Tinstall | Tcheck | Ttotal | Status | Flags |
---|---|---|---|---|---|---|
r-devel-linux-x86_64-debian-clang | 2.1.0 | 11.35 | 75.11 | 86.46 | OK | |
r-devel-linux-x86_64-debian-gcc | 2.1.0 | 8.17 | 57.00 | 65.17 | OK | |
r-devel-linux-x86_64-fedora-clang | 2.1.0 | 111.64 | NOTE | |||
r-devel-linux-x86_64-fedora-gcc | 2.1.0 | 112.65 | OK | |||
r-devel-windows-x86_64 | 2.1.0 | 246.00 | 151.00 | 397.00 | NOTE | |
r-patched-linux-x86_64 | 2.1.0 | 13.48 | 72.09 | 85.57 | OK | |
r-release-linux-x86_64 | 2.1.0 | 10.51 | 71.45 | 81.96 | OK | |
r-release-macos-arm64 | 2.1.0 | 34.00 | NOTE | |||
r-release-macos-x86_64 | 2.1.0 | 47.00 | NOTE | |||
r-release-windows-x86_64 | 2.1.0 | 274.00 | 156.00 | 430.00 | NOTE | |
r-oldrel-macos-arm64 | 2.1.0 | 37.00 | NOTE | |||
r-oldrel-macos-x86_64 | 2.1.0 | 85.00 | NOTE | |||
r-oldrel-windows-ix86+x86_64 | 2.1.0 | 19.00 | 103.00 | 122.00 | NOTE |
Version: 2.1.0
Check: installed package size
Result: NOTE
installed size is 11.4Mb
sub-directories of 1Mb or more:
doc 2.5Mb
htmlwidgets 6.9Mb
Flavors: r-devel-linux-x86_64-fedora-clang, r-devel-windows-x86_64, r-release-macos-arm64, r-release-macos-x86_64, r-release-windows-x86_64, r-oldrel-macos-arm64, r-oldrel-macos-x86_64, r-oldrel-windows-ix86+x86_64