Last updated on 2022-08-06 23:57:19 CEST.
Flavor | Version | Tinstall | Tcheck | Ttotal | Status | Flags |
---|---|---|---|---|---|---|
r-devel-linux-x86_64-debian-clang | 0.4.0 | 3.33 | 68.47 | 71.80 | OK | |
r-devel-linux-x86_64-debian-gcc | 0.4.0 | 3.81 | 51.53 | 55.34 | OK | |
r-devel-linux-x86_64-fedora-clang | 0.4.0 | 94.73 | NOTE | |||
r-devel-linux-x86_64-fedora-gcc | 0.4.0 | 93.05 | NOTE | |||
r-devel-windows-x86_64 | 0.4.0 | 17.00 | 87.00 | 104.00 | OK | |
r-patched-linux-x86_64 | 0.4.0 | 4.86 | 65.79 | 70.65 | OK | |
r-release-linux-x86_64 | 0.4.0 | 4.77 | 65.02 | 69.79 | OK | |
r-release-macos-arm64 | 0.4.0 | 22.00 | NOTE | |||
r-release-macos-x86_64 | 0.4.0 | 40.00 | NOTE | |||
r-release-windows-x86_64 | 0.4.0 | 21.00 | 89.00 | 110.00 | OK | |
r-oldrel-macos-arm64 | 0.4.0 | 48.00 | NOTE | |||
r-oldrel-macos-x86_64 | 0.4.0 | 38.00 | NOTE | |||
r-oldrel-windows-ix86+x86_64 | 0.4.0 | 17.00 | 94.00 | 111.00 | OK |
Version: 0.4.0
Check: data for non-ASCII characters
Result: NOTE
Note: found 468 marked UTF-8 strings
Flavors: r-devel-linux-x86_64-fedora-clang, r-devel-linux-x86_64-fedora-gcc, r-release-macos-arm64, r-release-macos-x86_64, r-oldrel-macos-arm64, r-oldrel-macos-x86_64