Last updated on 2022-06-26 23:52:13 CEST.
Flavor | Version | Tinstall | Tcheck | Ttotal | Status | Flags |
---|---|---|---|---|---|---|
r-devel-linux-x86_64-debian-clang | 2.0.0 | 11.44 | 124.96 | 136.40 | OK | |
r-devel-linux-x86_64-debian-gcc | 2.0.0 | 8.53 | 93.75 | 102.28 | OK | |
r-devel-linux-x86_64-fedora-clang | 2.0.0 | 171.39 | NOTE | |||
r-devel-linux-x86_64-fedora-gcc | 2.0.0 | 174.03 | OK | |||
r-devel-windows-x86_64 | 2.0.0 | 35.00 | 167.00 | 202.00 | OK | |
r-patched-linux-x86_64 | 2.0.0 | 12.93 | 119.52 | 132.45 | OK | |
r-release-linux-x86_64 | 2.0.0 | 12.09 | 117.83 | 129.92 | OK | |
r-release-macos-arm64 | 2.0.0 | 55.00 | OK | |||
r-release-macos-x86_64 | 2.0.0 | 75.00 | OK | |||
r-release-windows-x86_64 | 2.0.0 | 34.00 | 168.00 | 202.00 | OK | |
r-oldrel-macos-arm64 | 2.0.0 | 67.00 | OK | |||
r-oldrel-macos-x86_64 | 2.0.0 | 74.00 | OK | |||
r-oldrel-windows-ix86+x86_64 | 2.0.0 | 25.00 | 153.00 | 178.00 | OK |
Version: 2.0.0
Check: Rd cross-references
Result: NOTE
Undeclared packages ‘mclust’, ‘e1071’ in Rd xrefs
Flavor: r-devel-linux-x86_64-fedora-clang