CRAN Package Check Results for Package vegawidget

Last updated on 2019-12-08 23:47:44 CET.

Flavor Version Tinstall Tcheck Ttotal Status Flags
r-devel-linux-x86_64-debian-clang 0.2.1 4.34 40.21 44.55 OK
r-devel-linux-x86_64-debian-gcc 0.2.1 3.67 31.85 35.52 OK
r-devel-linux-x86_64-fedora-clang 0.2.1 56.70 OK
r-devel-linux-x86_64-fedora-gcc 0.2.1 53.91 OK
r-devel-windows-ix86+x86_64 0.2.1 10.00 74.00 84.00 OK
r-devel-windows-ix86+x86_64-gcc8 0.2.1 11.00 58.00 69.00 OK
r-patched-linux-x86_64 0.2.1 3.56 37.01 40.57 OK
r-patched-solaris-x86 0.2.1 78.60 NOTE
r-release-linux-x86_64 0.2.1 4.09 36.84 40.93 OK
r-release-windows-ix86+x86_64 0.2.1 13.00 50.00 63.00 OK
r-release-osx-x86_64 0.2.1 OK
r-oldrel-windows-ix86+x86_64 0.2.1 6.00 50.00 56.00 OK
r-oldrel-osx-x86_64 0.2.1 OK

Check Details

Version: 0.2.1
Check: package dependencies
Result: NOTE
    Package suggested but not available for checking: ‘rsvg’
Flavor: r-patched-solaris-x86