CRAN Package Check Results for Package vdiffr

Last updated on 2021-01-26 23:48:17 CET.

Flavor Version Tinstall Tcheck Ttotal Status Flags
r-devel-linux-x86_64-debian-clang 0.3.3 44.26 39.02 83.28 OK
r-devel-linux-x86_64-debian-gcc 0.3.3 26.97 30.78 57.75 OK
r-devel-linux-x86_64-fedora-clang 0.3.3 117.61 NOTE
r-devel-linux-x86_64-fedora-gcc 0.3.3 96.70 NOTE
r-devel-windows-ix86+x86_64 0.3.2.1 93.00 85.00 178.00 OK
r-patched-linux-x86_64 0.3.3 31.97 53.03 85.00 OK
r-patched-solaris-x86 0.3.3 137.30 NOTE
r-release-linux-x86_64 0.3.3 34.19 53.81 88.00 OK
r-release-macos-x86_64 0.3.3 NOTE
r-release-windows-ix86+x86_64 0.3.3 95.00 101.00 196.00 OK
r-oldrel-macos-x86_64 0.3.3 NOTE
r-oldrel-windows-ix86+x86_64 0.3.3 74.00 227.00 301.00 OK

Check Details

Version: 0.3.3
Check: dependencies in R code
Result: NOTE
    Namespace in Imports field not imported from: ‘freetypeharfbuzz’
     All declared Imports should be used.
Flavors: r-devel-linux-x86_64-fedora-clang, r-devel-linux-x86_64-fedora-gcc, r-patched-solaris-x86, r-release-macos-x86_64, r-oldrel-macos-x86_64