CRAN Package Check Results for Package vdiffr

Last updated on 2020-10-24 23:47:38 CEST.

Flavor Version Tinstall Tcheck Ttotal Status Flags
r-devel-linux-x86_64-debian-clang 0.3.3 42.07 37.28 79.35 OK
r-devel-linux-x86_64-debian-gcc 0.3.3 28.32 28.83 57.15 OK
r-devel-linux-x86_64-fedora-clang 0.3.3 118.09 NOTE
r-devel-linux-x86_64-fedora-gcc 0.3.3 97.77 NOTE
r-devel-windows-ix86+x86_64 0.3.2.1 96.00 83.00 179.00 OK
r-patched-linux-x86_64 0.3.3 37.00 51.47 88.47 OK
r-patched-solaris-x86 0.3.3 133.50 NOTE
r-release-linux-x86_64 0.3.3 36.95 51.38 88.33 OK
r-release-macos-x86_64 0.3.3 NOTE
r-release-windows-ix86+x86_64 0.3.3 73.00 98.00 171.00 OK
r-oldrel-macos-x86_64 0.3.3 NOTE
r-oldrel-windows-ix86+x86_64 0.3.3 83.00 88.00 171.00 OK

Check Details

Version: 0.3.3
Check: dependencies in R code
Result: NOTE
    Namespace in Imports field not imported from: ‘freetypeharfbuzz’
     All declared Imports should be used.
Flavors: r-devel-linux-x86_64-fedora-clang, r-devel-linux-x86_64-fedora-gcc, r-patched-solaris-x86, r-release-macos-x86_64, r-oldrel-macos-x86_64