CRAN Package Check Results for Package vdiffr

Last updated on 2021-04-14 23:47:32 CEST.

Flavor Version Tinstall Tcheck Ttotal Status Flags
r-devel-linux-x86_64-debian-clang 0.3.3 40.14 39.70 79.84 NOTE
r-devel-linux-x86_64-debian-gcc 0.3.3 27.40 30.18 57.58 NOTE
r-devel-linux-x86_64-fedora-clang 0.3.3 121.33 NOTE
r-devel-linux-x86_64-fedora-gcc 0.3.3 97.13 NOTE
r-devel-windows-ix86+x86_64 0.3.2.1 95.00 77.00 172.00 NOTE
r-devel-windows-x86_64-gcc10-UCRT 0.3.3 NOTE
r-patched-linux-x86_64 0.3.3 36.27 53.29 89.56 OK
r-patched-solaris-x86 0.3.3 136.70 NOTE
r-release-linux-x86_64 0.3.3 32.49 53.00 85.49 OK
r-release-macos-x86_64 0.3.3 NOTE
r-release-windows-ix86+x86_64 0.3.3 93.00 133.00 226.00 OK
r-oldrel-macos-x86_64 0.3.3 NOTE
r-oldrel-windows-ix86+x86_64 0.3.3 61.00 93.00 154.00 OK

Check Details

Version: 0.3.3
Check: LazyData
Result: NOTE
     'LazyData' is specified without a 'data' directory
Flavors: r-devel-linux-x86_64-debian-clang, r-devel-linux-x86_64-debian-gcc, r-devel-linux-x86_64-fedora-clang, r-devel-linux-x86_64-fedora-gcc, r-devel-windows-x86_64-gcc10-UCRT

Version: 0.3.3
Check: dependencies in R code
Result: NOTE
    Namespace in Imports field not imported from: ‘freetypeharfbuzz’
     All declared Imports should be used.
Flavors: r-devel-linux-x86_64-fedora-clang, r-devel-linux-x86_64-fedora-gcc, r-devel-windows-x86_64-gcc10-UCRT, r-patched-solaris-x86, r-release-macos-x86_64, r-oldrel-macos-x86_64

Version: 0.3.2.1
Check: LazyData
Result: NOTE
     'LazyData' is specified without a 'data' directory
Flavor: r-devel-windows-ix86+x86_64