CRAN Package Check Results for Package vcmeta

Last updated on 2022-06-24 23:50:26 CEST.

Flavor Version Tinstall Tcheck Ttotal Status Flags
r-devel-linux-x86_64-debian-clang 1.1.0 11.24 97.00 108.24 OK
r-devel-linux-x86_64-debian-gcc 1.1.0 9.50 71.12 80.62 OK
r-devel-linux-x86_64-fedora-clang 1.1.0 141.10 NOTE
r-devel-linux-x86_64-fedora-gcc 1.1.0 137.87 NOTE
r-devel-windows-x86_64 1.1.0 45.00 128.00 173.00 OK
r-patched-linux-x86_64 1.1.0 10.68 90.92 101.60 OK
r-release-linux-x86_64 1.1.0 11.49 90.42 101.91 OK
r-release-macos-arm64 1.1.0 37.00 NOTE
r-release-macos-x86_64 1.1.0 53.00 NOTE
r-release-windows-x86_64 1.1.0 44.00 134.00 178.00 OK
r-oldrel-macos-arm64 1.1.0 31.00 NOTE
r-oldrel-macos-x86_64 1.1.0 52.00 NOTE
r-oldrel-windows-ix86+x86_64 1.1.0 25.00 125.00 150.00 OK

Check Details

Version: 1.1.0
Check: dependencies in R code
Result: NOTE
    Namespace in Imports field not imported from: ‘mathjaxr’
     All declared Imports should be used.
Flavors: r-devel-linux-x86_64-fedora-clang, r-devel-linux-x86_64-fedora-gcc, r-release-macos-arm64, r-release-macos-x86_64, r-oldrel-macos-arm64, r-oldrel-macos-x86_64