Last updated on 2022-06-26 23:52:13 CEST.
Flavor | Version | Tinstall | Tcheck | Ttotal | Status | Flags |
---|---|---|---|---|---|---|
r-devel-linux-x86_64-debian-clang | 0.20.1 | 12.56 | 104.43 | 116.99 | NOTE | |
r-devel-linux-x86_64-debian-gcc | 0.20.1 | 11.06 | 74.94 | 86.00 | NOTE | |
r-devel-linux-x86_64-fedora-clang | 0.20.1 | 138.87 | NOTE | |||
r-devel-linux-x86_64-fedora-gcc | 0.20.1 | 133.55 | NOTE | |||
r-devel-windows-x86_64 | 0.20.1 | 41.00 | 105.00 | 146.00 | NOTE | |
r-patched-linux-x86_64 | 0.20.1 | 13.38 | 93.92 | 107.30 | NOTE | |
r-release-linux-x86_64 | 0.20.1 | 13.48 | 94.10 | 107.58 | NOTE | |
r-release-macos-arm64 | 0.20.1 | 34.00 | NOTE | |||
r-release-macos-x86_64 | 0.20.1 | 46.00 | NOTE | |||
r-release-windows-x86_64 | 0.20.1 | 36.00 | 102.00 | 138.00 | NOTE | |
r-oldrel-macos-arm64 | 0.20.1 | 40.00 | NOTE | |||
r-oldrel-macos-x86_64 | 0.20.1 | 65.00 | NOTE | |||
r-oldrel-windows-ix86+x86_64 | 0.20.1 | 24.00 | 98.00 | 122.00 | NOTE |
Version: 0.20.1
Check: LazyData
Result: NOTE
'LazyData' is specified without a 'data' directory
Flavors: r-devel-linux-x86_64-debian-clang, r-devel-linux-x86_64-debian-gcc, r-devel-linux-x86_64-fedora-clang, r-devel-linux-x86_64-fedora-gcc, r-devel-windows-x86_64, r-patched-linux-x86_64, r-release-linux-x86_64, r-release-macos-arm64, r-release-macos-x86_64, r-release-windows-x86_64, r-oldrel-macos-arm64, r-oldrel-macos-x86_64, r-oldrel-windows-ix86+x86_64