Last updated on 2022-08-06 23:57:19 CEST.
Flavor | Version | Tinstall | Tcheck | Ttotal | Status | Flags |
---|---|---|---|---|---|---|
r-devel-linux-x86_64-debian-clang | 0.7-8 | 2.69 | 42.06 | 44.75 | NOTE | |
r-devel-linux-x86_64-debian-gcc | 0.7-8 | 2.47 | 33.60 | 36.07 | NOTE | |
r-devel-linux-x86_64-fedora-clang | 0.7-8 | 64.61 | NOTE | |||
r-devel-linux-x86_64-fedora-gcc | 0.7-8 | 61.96 | NOTE | |||
r-devel-windows-x86_64 | 0.7-8 | 14.00 | 68.00 | 82.00 | NOTE | |
r-patched-linux-x86_64 | 0.7-8 | 3.25 | 40.16 | 43.41 | OK | |
r-release-linux-x86_64 | 0.7-8 | 3.28 | 40.45 | 43.73 | OK | |
r-release-macos-arm64 | 0.7-8 | 21.00 | OK | |||
r-release-macos-x86_64 | 0.7-8 | 29.00 | OK | |||
r-release-windows-x86_64 | 0.7-8 | 12.00 | 64.00 | 76.00 | OK | |
r-oldrel-macos-arm64 | 0.7-8 | 25.00 | OK | |||
r-oldrel-macos-x86_64 | 0.7-8 | 48.00 | OK | |||
r-oldrel-windows-ix86+x86_64 | 0.7-8 | 7.00 | 60.00 | 67.00 | OK |
Version: 0.7-8
Check: Rd files
Result: NOTE
checkRd: (-1) randomVarImpsRFplot.Rd:97: Escaped LaTeX specials: \&
checkRd: (-1) varSelImpSpecRF.Rd:83: Escaped LaTeX specials: \&
Flavors: r-devel-linux-x86_64-debian-clang, r-devel-linux-x86_64-debian-gcc, r-devel-linux-x86_64-fedora-clang, r-devel-linux-x86_64-fedora-gcc, r-devel-windows-x86_64