CRAN Package Check Results for Package valr

Last updated on 2019-11-10 23:48:43 CET.

Flavor Version Tinstall Tcheck Ttotal Status Flags
r-devel-linux-x86_64-debian-clang 0.5.0 144.42 110.66 255.08 OK
r-devel-linux-x86_64-debian-gcc 0.5.0 116.12 84.70 200.82 OK
r-devel-linux-x86_64-fedora-clang 0.5.0 366.11 NOTE
r-devel-linux-x86_64-fedora-gcc 0.5.0 338.51 OK
r-devel-windows-ix86+x86_64 0.5.0 296.00 222.00 518.00 OK
r-patched-linux-x86_64 0.5.0 118.40 104.40 222.80 OK
r-patched-solaris-x86 0.5.0 376.70 OK
r-release-linux-x86_64 0.5.0 125.53 105.24 230.77 OK
r-release-windows-ix86+x86_64 0.5.0 369.00 302.00 671.00 OK
r-release-osx-x86_64 0.5.0 NOTE
r-oldrel-windows-ix86+x86_64 0.5.0 352.00 321.00 673.00 OK
r-oldrel-osx-x86_64 0.5.0 NOTE

Check Details

Version: 0.5.0
Check: installed package size
Result: NOTE
     installed size is 9.2Mb
     sub-directories of 1Mb or more:
     libs 8.2Mb
Flavors: r-devel-linux-x86_64-fedora-clang, r-release-osx-x86_64, r-oldrel-osx-x86_64

Version: 0.5.0
Check: package dependencies
Result: NOTE
    Packages suggested but not available for checking:
     'GenomicRanges', 'IRanges', 'S4Vectors'
Flavor: r-release-osx-x86_64