CRAN Package Check Results for Package valr

Last updated on 2019-07-22 06:47:51 CEST.

Flavor Version Tinstall Tcheck Ttotal Status Flags
r-devel-linux-x86_64-debian-clang 0.5.0 127.43 107.84 235.27 OK
r-devel-linux-x86_64-debian-gcc 0.5.0 105.40 84.74 190.14 OK
r-devel-linux-x86_64-fedora-clang 0.5.0 344.85 NOTE
r-devel-linux-x86_64-fedora-gcc 0.5.0 357.98 OK
r-devel-windows-ix86+x86_64 0.5.0 288.00 295.00 583.00 OK
r-patched-linux-x86_64 0.5.0 121.29 103.42 224.71 OK
r-patched-solaris-x86 0.5.0 390.20 OK
r-release-linux-x86_64 0.5.0 123.22 106.67 229.89 OK
r-release-windows-ix86+x86_64 0.5.0 260.00 205.00 465.00 OK
r-release-osx-x86_64 0.5.0 NOTE
r-oldrel-windows-ix86+x86_64 0.5.0 379.00 273.00 652.00 OK
r-oldrel-osx-x86_64 0.5.0 NOTE

Check Details

Version: 0.5.0
Check: installed package size
Result: NOTE
     installed size is 8.4Mb
     sub-directories of 1Mb or more:
     libs 7.3Mb
Flavors: r-devel-linux-x86_64-fedora-clang, r-release-osx-x86_64, r-oldrel-osx-x86_64

Version: 0.5.0
Check: package dependencies
Result: NOTE
    Packages suggested but not available for checking:
     'GenomicRanges', 'IRanges', 'S4Vectors'
Flavor: r-release-osx-x86_64