CRAN Package Check Results for Package validann

Last updated on 2020-05-24 23:47:58 CEST.

Flavor Version Tinstall Tcheck Ttotal Status Flags
r-devel-linux-x86_64-debian-clang 1.2.1 3.81 36.47 40.28 NOTE
r-devel-linux-x86_64-debian-gcc 1.2.1 2.48 27.47 29.95 NOTE
r-devel-linux-x86_64-fedora-clang 1.2.1 49.02 NOTE
r-devel-linux-x86_64-fedora-gcc 1.2.1 48.35 NOTE
r-devel-windows-ix86+x86_64 1.2.1 11.00 51.00 62.00 OK
r-patched-linux-x86_64 1.2.1 3.54 35.82 39.36 NOTE
r-patched-solaris-x86 1.2.1 64.60 NOTE
r-release-linux-x86_64 1.2.1 3.29 35.59 38.88 NOTE
r-release-osx-x86_64 1.2.1 OK
r-release-windows-ix86+x86_64 1.2.1 6.00 63.00 69.00 OK
r-oldrel-osx-x86_64 1.2.1 OK
r-oldrel-windows-ix86+x86_64 1.2.1 6.00 63.00 69.00 OK

Check Details

Version: 1.2.1
Check: for non-standard things in the check directory
Result: NOTE
    Found the following files/directories:
     'PredValidationPlots.pdf' 'RepStructValidationPlots.pdf'
Flavors: r-devel-linux-x86_64-debian-clang, r-devel-linux-x86_64-debian-gcc, r-devel-linux-x86_64-fedora-clang, r-devel-linux-x86_64-fedora-gcc, r-patched-linux-x86_64, r-patched-solaris-x86, r-release-linux-x86_64