CRAN Package Check Results for Package validann

Last updated on 2019-10-20 23:47:40 CEST.

Flavor Version Tinstall Tcheck Ttotal Status Flags
r-devel-linux-x86_64-debian-clang 1.2.1 2.73 32.71 35.44 NOTE
r-devel-linux-x86_64-debian-gcc 1.2.1 2.91 24.83 27.74 NOTE
r-devel-linux-x86_64-fedora-clang 1.2.1 42.55 NOTE
r-devel-linux-x86_64-fedora-gcc 1.2.1 41.19 NOTE
r-devel-windows-ix86+x86_64 1.2.1 6.00 65.00 71.00 OK
r-patched-linux-x86_64 1.2.1 2.87 31.20 34.07 OK
r-patched-solaris-x86 1.2.1 58.20 OK
r-release-linux-x86_64 1.2.1 2.79 31.42 34.21 OK
r-release-windows-ix86+x86_64 1.2.1 7.00 45.00 52.00 OK
r-release-osx-x86_64 1.2.1 OK
r-oldrel-windows-ix86+x86_64 1.2.1 4.00 41.00 45.00 OK
r-oldrel-osx-x86_64 1.2.1 OK

Check Details

Version: 1.2.1
Check: for non-standard things in the check directory
Result: NOTE
    Found the following files/directories:
     'PredValidationPlots.pdf' 'RepStructValidationPlots.pdf'
Flavors: r-devel-linux-x86_64-debian-clang, r-devel-linux-x86_64-debian-gcc, r-devel-linux-x86_64-fedora-clang, r-devel-linux-x86_64-fedora-gcc