CRAN Package Check Results for Package vICC

Last updated on 2022-11-28 22:51:38 CET.

Flavor Version Tinstall Tcheck Ttotal Status Flags
r-devel-linux-x86_64-debian-clang 1.0.0 6.55 61.49 68.04 OK
r-devel-linux-x86_64-debian-gcc 1.0.0 4.33 46.55 50.88 OK
r-devel-linux-x86_64-fedora-clang 1.0.0 92.14 NOTE
r-devel-linux-x86_64-fedora-gcc 1.0.0 91.96 NOTE
r-devel-windows-x86_64 1.0.0 17.00 88.00 105.00 OK
r-patched-linux-x86_64 1.0.0 5.80 56.91 62.71 OK
r-release-linux-x86_64 1.0.0 5.22 57.44 62.66 OK
r-release-macos-arm64 1.0.0 33.00 NOTE
r-release-macos-x86_64 1.0.0 43.00 NOTE
r-release-windows-x86_64 1.0.0 20.00 89.00 109.00 OK
r-oldrel-macos-arm64 1.0.0 25.00 NOTE
r-oldrel-macos-x86_64 1.0.0 38.00 NOTE
r-oldrel-windows-ix86+x86_64 1.0.0 16.00 81.00 97.00 OK

Check Details

Version: 1.0.0
Check: dependencies in R code
Result: NOTE
    Namespace in Imports field not imported from: ‘Rdpack’
     All declared Imports should be used.
Flavors: r-devel-linux-x86_64-fedora-clang, r-devel-linux-x86_64-fedora-gcc, r-release-macos-arm64, r-release-macos-x86_64, r-oldrel-macos-arm64, r-oldrel-macos-x86_64