CRAN Package Check Results for Package uuid

Last updated on 2020-11-23 23:50:51 CET.

Flavor Version Tinstall Tcheck Ttotal Status Flags
r-devel-linux-x86_64-debian-clang 0.1-4 8.49 24.02 32.51 OK
r-devel-linux-x86_64-debian-gcc 0.1-4 4.90 19.75 24.65 OK
r-devel-linux-x86_64-fedora-clang 0.1-4 41.30 NOTE
r-devel-linux-x86_64-fedora-gcc 0.1-4 31.18 NOTE
r-devel-windows-ix86+x86_64 0.1-4 19.00 29.00 48.00 OK
r-patched-linux-x86_64 0.1-4 6.86 26.61 33.47 OK
r-patched-solaris-x86 0.1-4 45.50 OK
r-release-linux-x86_64 0.1-4 6.07 24.28 30.35 OK
r-release-macos-x86_64 0.1-4 OK
r-release-windows-ix86+x86_64 0.1-4 17.00 29.00 46.00 OK
r-oldrel-macos-x86_64 0.1-4 OK
r-oldrel-windows-ix86+x86_64 0.1-4 31.00 47.00 78.00 OK

Additional issues

clang-UBSAN gcc-UBSAN

Check Details

Version: 0.1-4
Check: compiled code
Result: NOTE
    File ‘uuid/libs/uuid.so’:
     Found no calls to: ‘R_registerRoutines’, ‘R_useDynamicSymbols’
    
    It is good practice to register native routines and to disable symbol
    search.
    
    See ‘Writing portable packages’ in the ‘Writing R Extensions’ manual.
Flavors: r-devel-linux-x86_64-fedora-clang, r-devel-linux-x86_64-fedora-gcc