CRAN Package Check Results for Package unvotes

Last updated on 2022-10-06 23:56:24 CEST.

Flavor Version Tinstall Tcheck Ttotal Status Flags
r-devel-linux-x86_64-debian-clang 0.3.0 5.42 44.92 50.34 OK
r-devel-linux-x86_64-debian-gcc 0.3.0 5.28 33.94 39.22 OK
r-devel-linux-x86_64-fedora-clang 0.3.0 75.73 NOTE
r-devel-linux-x86_64-fedora-gcc 0.3.0 76.85 NOTE
r-devel-windows-x86_64 0.3.0 13.00 74.00 87.00 OK
r-patched-linux-x86_64 0.3.0 5.38 41.46 46.84 OK
r-release-linux-x86_64 0.3.0 6.83 41.79 48.62 OK
r-release-macos-arm64 0.3.0 30.00 NOTE
r-release-macos-x86_64 0.3.0 35.00 NOTE
r-release-windows-x86_64 0.3.0 15.00 77.00 92.00 OK
r-oldrel-macos-arm64 0.3.0 39.00 NOTE
r-oldrel-macos-x86_64 0.3.0 54.00 NOTE
r-oldrel-windows-ix86+x86_64 0.3.0 13.00 69.00 82.00 OK

Check Details

Version: 0.3.0
Check: data for non-ASCII characters
Result: NOTE
     Note: found 7872 marked UTF-8 strings
Flavors: r-devel-linux-x86_64-fedora-clang, r-devel-linux-x86_64-fedora-gcc, r-release-macos-arm64, r-release-macos-x86_64, r-oldrel-macos-arm64, r-oldrel-macos-x86_64