CRAN Package Check Results for Package unvotes

Last updated on 2023-09-21 00:56:47 CEST.

Flavor Version Tinstall Tcheck Ttotal Status Flags
r-devel-linux-x86_64-debian-clang 0.3.0 6.30 43.33 49.63 OK
r-devel-linux-x86_64-debian-gcc 0.3.0 5.44 32.89 38.33 OK
r-devel-linux-x86_64-fedora-clang 0.3.0 63.76 NOTE
r-devel-linux-x86_64-fedora-gcc 0.3.0 72.47 NOTE
r-devel-windows-x86_64 0.3.0 6.00 56.00 62.00 OK
r-patched-linux-x86_64 0.3.0 6.20 41.29 47.49 OK
r-release-linux-x86_64 0.3.0 5.63 41.23 46.86 OK
r-release-macos-arm64 0.3.0 35.00 OK
r-release-macos-x86_64 0.3.0 53.00 OK
r-release-windows-x86_64 0.3.0 9.00 58.00 67.00 OK
r-oldrel-macos-arm64 0.3.0 38.00 OK
r-oldrel-macos-x86_64 0.3.0 35.00 NOTE
r-oldrel-windows-x86_64 0.3.0 12.00 60.00 72.00 OK

Check Details

Version: 0.3.0
Check: data for non-ASCII characters
Result: NOTE
     Note: found 7872 marked UTF-8 strings
Flavors: r-devel-linux-x86_64-fedora-clang, r-devel-linux-x86_64-fedora-gcc, r-oldrel-macos-x86_64