CRAN Package Check Results for Package unmarked

Last updated on 2022-01-25 23:50:42 CET.

Flavor Version Tinstall Tcheck Ttotal Status Flags
r-devel-linux-x86_64-debian-clang 1.1.1 479.72 437.99 917.71 NOTE
r-devel-linux-x86_64-debian-gcc 1.1.1 363.24 349.57 712.81 NOTE
r-devel-linux-x86_64-fedora-clang 1.1.1 1234.37 NOTE
r-devel-linux-x86_64-fedora-gcc 1.1.1 1181.15 NOTE
r-devel-windows-x86_64-new-UL 1.1.1 611.00 532.00 1143.00 NOTE
r-devel-windows-x86_64-new-TK 1.1.1 ERROR
r-patched-linux-x86_64 1.1.1 410.34 450.38 860.72 NOTE
r-release-linux-x86_64 1.1.1 401.38 453.55 854.93 NOTE
r-release-macos-arm64 1.1.1 NOTE
r-release-macos-x86_64 1.1.1 NOTE
r-release-windows-ix86+x86_64 1.1.1 1066.00 683.00 1749.00 NOTE
r-oldrel-macos-x86_64 1.1.1 NOTE
r-oldrel-windows-ix86+x86_64 1.1.1 1067.00 711.00 1778.00 NOTE

Check Details

Version: 1.1.1
Check: for GNU extensions in Makefiles
Result: NOTE
    GNU make is a SystemRequirements.
Flavors: r-devel-linux-x86_64-debian-clang, r-devel-linux-x86_64-debian-gcc, r-devel-linux-x86_64-fedora-clang, r-devel-linux-x86_64-fedora-gcc, r-devel-windows-x86_64-new-UL, r-patched-linux-x86_64, r-release-linux-x86_64, r-release-macos-arm64, r-release-macos-x86_64, r-release-windows-ix86+x86_64, r-oldrel-macos-x86_64, r-oldrel-windows-ix86+x86_64

Version: 1.1.1
Check: installed package size
Result: NOTE
     installed size is 29.5Mb
     sub-directories of 1Mb or more:
     R 1.6Mb
     doc 1.6Mb
     libs 25.1Mb
Flavors: r-devel-linux-x86_64-fedora-clang, r-devel-windows-x86_64-new-UL, r-release-macos-arm64, r-release-macos-x86_64, r-release-windows-ix86+x86_64, r-oldrel-macos-x86_64, r-oldrel-windows-ix86+x86_64

Version: 1.1.1
Check: package dependencies
Result: ERROR
    Package required but not available: 'lme4'
    
    See section 'The DESCRIPTION file' in the 'Writing R Extensions'
    manual.
Flavor: r-devel-windows-x86_64-new-TK