CRAN Package Check Results for Package ukpolice

Last updated on 2022-12-07 23:55:28 CET.

Flavor Version Tinstall Tcheck Ttotal Status Flags
r-devel-linux-x86_64-debian-clang 0.2.2 5.35 48.38 53.73 NOTE
r-devel-linux-x86_64-debian-gcc 0.2.2 4.12 36.33 40.45 NOTE
r-devel-linux-x86_64-fedora-clang 0.2.2 78.79 NOTE
r-devel-linux-x86_64-fedora-gcc 0.2.2 83.93 NOTE
r-devel-windows-x86_64 0.2.2 35.00 87.00 122.00 NOTE
r-patched-linux-x86_64 0.2.2 5.44 44.79 50.23 NOTE
r-release-linux-x86_64 0.2.2 3.93 44.94 48.87 NOTE
r-release-macos-arm64 0.2.2 21.00 NOTE
r-release-macos-x86_64 0.2.2 32.00 NOTE
r-release-windows-x86_64 0.2.2 25.00 82.00 107.00 NOTE
r-oldrel-macos-arm64 0.2.2 30.00 NOTE
r-oldrel-macos-x86_64 0.2.2 35.00 NOTE
r-oldrel-windows-ix86+x86_64 0.2.2 11.00 70.00 81.00 NOTE

Check Details

Version: 0.2.2
Check: LazyData
Result: NOTE
     'LazyData' is specified without a 'data' directory
Flavors: r-devel-linux-x86_64-debian-clang, r-devel-linux-x86_64-debian-gcc, r-devel-linux-x86_64-fedora-clang, r-devel-linux-x86_64-fedora-gcc, r-devel-windows-x86_64, r-patched-linux-x86_64, r-release-linux-x86_64, r-release-macos-arm64, r-release-macos-x86_64, r-release-windows-x86_64, r-oldrel-macos-arm64, r-oldrel-macos-x86_64, r-oldrel-windows-ix86+x86_64