CRAN Package Check Results for Package ucminf

Last updated on 2022-06-30 23:52:27 CEST.

Flavor Version Tinstall Tcheck Ttotal Status Flags
r-devel-linux-x86_64-debian-clang 1.1-4 2.66 22.85 25.51 OK
r-devel-linux-x86_64-debian-gcc 1.1-4 2.10 17.52 19.62 OK
r-devel-linux-x86_64-fedora-clang 1.1-4 41.91 NOTE
r-devel-linux-x86_64-fedora-gcc 1.1-4 41.53 NOTE
r-devel-windows-x86_64 1.1-4 10.00 51.00 61.00 OK
r-patched-linux-x86_64 1.1-4 2.95 21.90 24.85 OK
r-release-linux-x86_64 1.1-4 2.86 21.64 24.50 OK
r-release-macos-arm64 1.1-4 17.00 OK
r-release-macos-x86_64 1.1-4 23.00 OK
r-release-windows-x86_64 1.1-4 8.00 50.00 58.00 OK
r-oldrel-macos-arm64 1.1-4 23.00 OK
r-oldrel-macos-x86_64 1.1-4 29.00 OK
r-oldrel-windows-ix86+x86_64 1.1-4 10.00 35.00 45.00 OK

Additional issues

rchk

Check Details

Version: 1.1-4
Check: compiled code
Result: NOTE
    File ‘ucminf/libs/ucminf.so’:
     Found no calls to: ‘R_registerRoutines’, ‘R_useDynamicSymbols’
    
    It is good practice to register native routines and to disable symbol
    search.
    
    See ‘Writing portable packages’ in the ‘Writing R Extensions’ manual.
Flavors: r-devel-linux-x86_64-fedora-clang, r-devel-linux-x86_64-fedora-gcc