CRAN Package Check Results for Package ubms

Last updated on 2022-06-25 23:56:32 CEST.

Flavor Version Tinstall Tcheck Ttotal Status Flags
r-devel-linux-x86_64-debian-clang 1.1.0 482.31 250.20 732.51 WARN
r-devel-linux-x86_64-debian-gcc 1.1.0 362.18 200.01 562.19 NOTE
r-devel-linux-x86_64-fedora-clang 1.1.0 1022.93 WARN
r-devel-linux-x86_64-fedora-gcc 1.1.0 1036.70 NOTE
r-devel-windows-x86_64 1.1.0 357.00 325.00 682.00 NOTE
r-patched-linux-x86_64 1.1.0 463.33 258.80 722.13 NOTE
r-release-linux-x86_64 1.1.0 437.97 254.12 692.09 NOTE
r-release-macos-arm64 1.1.0 319.00 NOTE
r-release-macos-x86_64 1.1.0 545.00 NOTE
r-release-windows-x86_64 1.1.0 385.00 331.00 716.00 NOTE
r-oldrel-macos-arm64 1.1.0 1687.00 NOTE
r-oldrel-macos-x86_64 1.1.0 411.00 NOTE
r-oldrel-windows-ix86+x86_64 1.1.0 843.00 394.00 1237.00 NOTE

Additional issues

clang14

Check Details

Version: 1.1.0
Check: whether package can be installed
Result: WARN
    Found the following significant warnings:
     simz.cpp:31:14: warning: use of bitwise '|' with boolean operands [-Wbitwise-instead-of-logical]
Flavors: r-devel-linux-x86_64-debian-clang, r-devel-linux-x86_64-fedora-clang

Version: 1.1.0
Check: for GNU extensions in Makefiles
Result: NOTE
    GNU make is a SystemRequirements.
Flavors: r-devel-linux-x86_64-debian-clang, r-devel-linux-x86_64-debian-gcc, r-devel-linux-x86_64-fedora-clang, r-devel-linux-x86_64-fedora-gcc, r-devel-windows-x86_64, r-patched-linux-x86_64, r-release-linux-x86_64, r-release-macos-arm64, r-release-macos-x86_64, r-release-windows-x86_64, r-oldrel-macos-arm64, r-oldrel-macos-x86_64, r-oldrel-windows-ix86+x86_64

Version: 1.1.0
Check: installed package size
Result: NOTE
     installed size is 55.1Mb
     sub-directories of 1Mb or more:
     R 1.4Mb
     libs 52.4Mb
Flavors: r-devel-linux-x86_64-fedora-clang, r-devel-windows-x86_64, r-release-macos-arm64, r-release-macos-x86_64, r-release-windows-x86_64, r-oldrel-macos-arm64, r-oldrel-macos-x86_64, r-oldrel-windows-ix86+x86_64