CRAN Package Check Results for Package ubiquity

Last updated on 2022-07-04 23:53:37 CEST.

Flavor Version Tinstall Tcheck Ttotal Status Flags
r-devel-linux-x86_64-debian-clang 2.0.0 21.35 155.50 176.85 OK
r-devel-linux-x86_64-debian-gcc 2.0.0 15.44 113.16 128.60 OK
r-devel-linux-x86_64-fedora-clang 2.0.0 216.82 NOTE
r-devel-linux-x86_64-fedora-gcc 2.0.0 212.08 OK
r-devel-windows-x86_64 2.0.0 100.00 209.00 309.00 NOTE
r-patched-linux-x86_64 2.0.0 21.50 142.68 164.18 OK
r-release-linux-x86_64 2.0.0 14.65 141.62 156.27 OK
r-release-macos-arm64 2.0.0 66.00 NOTE
r-release-macos-x86_64 2.0.0 108.00 NOTE
r-release-windows-x86_64 2.0.0 171.00 216.00 387.00 NOTE
r-oldrel-macos-arm64 2.0.0 325.00 NOTE
r-oldrel-macos-x86_64 2.0.0 121.00 NOTE
r-oldrel-windows-ix86+x86_64 2.0.0 42.00 209.00 251.00 NOTE

Check Details

Version: 2.0.0
Check: installed package size
Result: NOTE
     installed size is 10.0Mb
     sub-directories of 1Mb or more:
     doc 7.1Mb
     ubinc 2.0Mb
Flavors: r-devel-linux-x86_64-fedora-clang, r-devel-windows-x86_64, r-release-macos-arm64, r-release-macos-x86_64, r-release-windows-x86_64, r-oldrel-macos-arm64, r-oldrel-macos-x86_64, r-oldrel-windows-ix86+x86_64