CRAN Package Check Results for Package uHMM

Last updated on 2024-06-14 00:54:03 CEST.

Flavor Version Tinstall Tcheck Ttotal Status Flags
r-devel-linux-x86_64-debian-clang 1.0 17.40 142.84 160.24 OK
r-devel-linux-x86_64-debian-gcc 1.0 0.44 1.78 2.22 ERROR
r-devel-linux-x86_64-fedora-clang 1.0 189.68 OK
r-devel-linux-x86_64-fedora-gcc 1.0 183.85 OK
r-devel-windows-x86_64 1.0 15.00 94.00 109.00 OK
r-patched-linux-x86_64 1.0 16.56 136.61 153.17 OK
r-release-linux-x86_64 1.0 15.57 137.26 152.83 OK
r-release-macos-arm64 1.0 97.00 OK
r-release-macos-x86_64 1.0 96.00 OK
r-release-windows-x86_64 1.0 15.00 100.00 115.00 OK
r-oldrel-macos-arm64 1.0 62.00 OK
r-oldrel-macos-x86_64 1.0 103.00 OK
r-oldrel-windows-x86_64 1.0 19.00 137.00 156.00 OK

Check Details

Version: 1.0
Check: package dependencies
Result: ERROR Package required but not available: ‘FactoMineR’ See section ‘The DESCRIPTION file’ in the ‘Writing R Extensions’ manual. Flavor: r-devel-linux-x86_64-debian-gcc