CRAN Package Check Results for Package txshift

Last updated on 2022-11-30 23:54:54 CET.

Flavor Version Tinstall Tcheck Ttotal Status Flags
r-devel-linux-x86_64-debian-clang 0.3.8 15.68 230.75 246.43 NOTE
r-devel-linux-x86_64-debian-gcc 0.3.8 11.36 169.75 181.11 NOTE
r-devel-linux-x86_64-fedora-clang 0.3.8 324.65 NOTE
r-devel-linux-x86_64-fedora-gcc 0.3.8 337.10 NOTE
r-devel-windows-x86_64 0.3.8 23.00 280.00 303.00 NOTE
r-patched-linux-x86_64 0.3.8 13.05 212.10 225.15 NOTE
r-release-linux-x86_64 0.3.8 10.38 213.84 224.22 NOTE
r-release-macos-arm64 0.3.8 68.00 NOTE
r-release-macos-x86_64 0.3.8 123.00 NOTE
r-release-windows-x86_64 0.3.8 26.00 277.00 303.00 NOTE
r-oldrel-macos-arm64 0.3.8 67.00 NOTE
r-oldrel-macos-x86_64 0.3.8 95.00 NOTE
r-oldrel-windows-ix86+x86_64 0.3.8 37.00 265.00 302.00 NOTE

Check Details

Version: 0.3.8
Check: package dependencies
Result: NOTE
    Package which this enhances but not available for checking: 'sl3'
Flavors: r-devel-linux-x86_64-debian-clang, r-devel-linux-x86_64-debian-gcc, r-devel-linux-x86_64-fedora-clang, r-devel-linux-x86_64-fedora-gcc, r-devel-windows-x86_64, r-patched-linux-x86_64, r-release-linux-x86_64, r-release-macos-arm64, r-release-macos-x86_64, r-release-windows-x86_64, r-oldrel-macos-arm64, r-oldrel-macos-x86_64, r-oldrel-windows-ix86+x86_64