CRAN Package Check Results for Package tumblR

Last updated on 2019-07-22 06:47:51 CEST.

Flavor Version Tinstall Tcheck Ttotal Status Flags
r-devel-linux-x86_64-debian-clang 1.1 3.39 30.36 33.75 NOTE
r-devel-linux-x86_64-debian-gcc 1.1 3.35 24.72 28.07 NOTE
r-devel-linux-x86_64-fedora-clang 1.1 41.90 NOTE
r-devel-linux-x86_64-fedora-gcc 1.1 46.37 NOTE
r-devel-windows-ix86+x86_64 1.1 7.00 72.00 79.00 NOTE
r-patched-linux-x86_64 1.1 3.21 29.72 32.93 NOTE
r-patched-solaris-x86 1.1 72.90 NOTE
r-release-linux-x86_64 1.1 3.64 30.81 34.45 NOTE
r-release-windows-ix86+x86_64 1.1 8.00 48.00 56.00 NOTE
r-release-osx-x86_64 1.1 NOTE
r-oldrel-windows-ix86+x86_64 1.1 6.00 60.00 66.00 NOTE
r-oldrel-osx-x86_64 1.1 NOTE

Check Details

Version: 1.1
Check: R code for possible problems
Result: NOTE
    http.connection: no visible global function definition for 'setNames'
    Undefined global functions or variables:
     setNames
    Consider adding
     importFrom("stats", "setNames")
    to your NAMESPACE file.
Flavors: r-devel-linux-x86_64-debian-clang, r-devel-linux-x86_64-debian-gcc, r-devel-linux-x86_64-fedora-clang, r-devel-linux-x86_64-fedora-gcc, r-devel-windows-ix86+x86_64, r-patched-linux-x86_64, r-patched-solaris-x86, r-release-linux-x86_64, r-release-windows-ix86+x86_64, r-release-osx-x86_64, r-oldrel-windows-ix86+x86_64, r-oldrel-osx-x86_64