CRAN Package Check Results for Package tumblR

Last updated on 2019-11-10 23:48:43 CET.

Flavor Version Tinstall Tcheck Ttotal Status Flags
r-devel-linux-x86_64-debian-clang 1.1 3.86 30.21 34.07 NOTE
r-devel-linux-x86_64-debian-gcc 1.1 3.15 23.96 27.11 NOTE
r-devel-linux-x86_64-fedora-clang 1.1 42.95 NOTE
r-devel-linux-x86_64-fedora-gcc 1.1 41.63 NOTE
r-devel-windows-ix86+x86_64 1.1 9.00 48.00 57.00 NOTE
r-patched-linux-x86_64 1.1 3.51 29.31 32.82 NOTE
r-patched-solaris-x86 1.1 64.60 NOTE
r-release-linux-x86_64 1.1 3.06 30.17 33.23 NOTE
r-release-windows-ix86+x86_64 1.1 13.00 48.00 61.00 NOTE
r-release-osx-x86_64 1.1 NOTE
r-oldrel-windows-ix86+x86_64 1.1 6.00 46.00 52.00 NOTE
r-oldrel-osx-x86_64 1.1 NOTE

Check Details

Version: 1.1
Check: R code for possible problems
Result: NOTE
    http.connection: no visible global function definition for 'setNames'
    Undefined global functions or variables:
     setNames
    Consider adding
     importFrom("stats", "setNames")
    to your NAMESPACE file.
Flavors: r-devel-linux-x86_64-debian-clang, r-devel-linux-x86_64-debian-gcc, r-devel-linux-x86_64-fedora-clang, r-devel-linux-x86_64-fedora-gcc, r-devel-windows-ix86+x86_64, r-patched-linux-x86_64, r-patched-solaris-x86, r-release-linux-x86_64, r-release-windows-ix86+x86_64, r-release-osx-x86_64, r-oldrel-windows-ix86+x86_64, r-oldrel-osx-x86_64