Last updated on 2022-07-02 23:50:51 CEST.
Flavor | Version | Tinstall | Tcheck | Ttotal | Status | Flags |
---|---|---|---|---|---|---|
r-devel-linux-x86_64-debian-clang | 0.9.9 | 7.33 | 67.67 | 75.00 | NOTE | |
r-devel-linux-x86_64-debian-gcc | 0.9.9 | 5.28 | 50.38 | 55.66 | NOTE | |
r-devel-linux-x86_64-fedora-clang | 0.9.9 | 100.82 | NOTE | |||
r-devel-linux-x86_64-fedora-gcc | 0.9.9 | 96.71 | NOTE | |||
r-devel-windows-x86_64 | 0.9.9 | 32.00 | 105.00 | 137.00 | NOTE | |
r-patched-linux-x86_64 | 0.9.9 | 12.31 | 63.15 | 75.46 | NOTE | |
r-release-linux-x86_64 | 0.9.9 | 6.05 | 62.98 | 69.03 | NOTE | |
r-release-macos-arm64 | 0.9.9 | 28.00 | NOTE | |||
r-release-macos-x86_64 | 0.9.9 | 55.00 | NOTE | |||
r-release-windows-x86_64 | 0.9.9 | 28.00 | 108.00 | 136.00 | NOTE | |
r-oldrel-macos-arm64 | 0.9.9 | 32.00 | NOTE | |||
r-oldrel-macos-x86_64 | 0.9.9 | 42.00 | NOTE | |||
r-oldrel-windows-ix86+x86_64 | 0.9.9 | 17.00 | 92.00 | 109.00 | NOTE |
Version: 0.9.9
Check: LazyData
Result: NOTE
'LazyData' is specified without a 'data' directory
Flavors: r-devel-linux-x86_64-debian-clang, r-devel-linux-x86_64-debian-gcc, r-devel-linux-x86_64-fedora-clang, r-devel-linux-x86_64-fedora-gcc, r-devel-windows-x86_64, r-patched-linux-x86_64, r-release-linux-x86_64, r-release-macos-arm64, r-release-macos-x86_64, r-release-windows-x86_64, r-oldrel-macos-arm64, r-oldrel-macos-x86_64, r-oldrel-windows-ix86+x86_64