CRAN Package Check Results for Package ttutils

Last updated on 2020-11-25 23:51:52 CET.

Flavor Version Tinstall Tcheck Ttotal Status Flags
r-devel-linux-x86_64-debian-clang 1.0-1 2.23 26.17 28.40 NOTE
r-devel-linux-x86_64-debian-gcc 1.0-1 1.69 17.90 19.59 NOTE
r-devel-linux-x86_64-fedora-clang 1.0-1 34.78 NOTE
r-devel-linux-x86_64-fedora-gcc 1.0-1 25.05 NOTE
r-devel-windows-ix86+x86_64 1.0-1 4.00 30.00 34.00 NOTE
r-patched-linux-x86_64 1.0-1 2.16 26.38 28.54 NOTE
r-patched-solaris-x86 1.0-1 38.60 NOTE
r-release-linux-x86_64 1.0-1 2.22 26.36 28.58 NOTE
r-release-macos-x86_64 1.0-1 NOTE
r-release-windows-ix86+x86_64 1.0-1 4.00 24.00 28.00 NOTE
r-oldrel-macos-x86_64 1.0-1 NOTE
r-oldrel-windows-ix86+x86_64 1.0-1 5.00 44.00 49.00 NOTE

Check Details

Version: 1.0-1
Check: R code for possible problems
Result: NOTE
    .saveDevice: no visible global function definition for 'dev.off'
    Undefined global functions or variables:
     dev.off
    Consider adding
     importFrom("grDevices", "dev.off")
    to your NAMESPACE file.
Flavors: r-devel-linux-x86_64-debian-clang, r-devel-linux-x86_64-debian-gcc, r-devel-linux-x86_64-fedora-clang, r-devel-linux-x86_64-fedora-gcc, r-devel-windows-ix86+x86_64, r-patched-linux-x86_64, r-patched-solaris-x86, r-release-linux-x86_64, r-release-macos-x86_64, r-release-windows-ix86+x86_64, r-oldrel-macos-x86_64, r-oldrel-windows-ix86+x86_64