CRAN Package Check Results for Package ttdo

Last updated on 2024-07-22 00:50:51 CEST.

Flavor Version Tinstall Tcheck Ttotal Status Flags
r-devel-linux-x86_64-debian-clang 0.0.9 2.99 32.38 35.37 OK
r-devel-linux-x86_64-debian-gcc 0.0.9 2.33 25.07 27.40 NOTE
r-devel-linux-x86_64-fedora-clang 0.0.9 45.19 OK
r-devel-linux-x86_64-fedora-gcc 0.0.9 42.39 OK
r-devel-windows-x86_64 0.0.9 4.00 48.00 52.00 NOTE
r-patched-linux-x86_64 0.0.9 3.88 31.23 35.11 OK
r-release-linux-x86_64 0.0.9 2.57 30.82 33.39 OK
r-release-macos-arm64 0.0.9 18.00 OK
r-release-macos-x86_64 0.0.9 28.00 OK
r-release-windows-x86_64 0.0.9 3.00 47.00 50.00 OK
r-oldrel-macos-arm64 0.0.9 18.00 OK
r-oldrel-macos-x86_64 0.0.9 28.00 OK
r-oldrel-windows-x86_64 0.0.9 4.00 50.00 54.00 OK

Check Details

Version: 0.0.9
Check: Rd cross-references
Result: NOTE Found the following Rd file(s) with Rd \link{} targets missing package anchors: expect_equal_with_diff.Rd: tinytest expect_equal_xl.Rd: tinytest ttdo_boolean_and_message_tests.Rd: tinytest Please provide package anchors for all Rd \link{} targets not in the package itself and the base packages. Flavors: r-devel-linux-x86_64-debian-gcc, r-devel-windows-x86_64