CRAN Package Check Results for Package tripack

Last updated on 2022-07-06 23:52:57 CEST.

Flavor Version Tinstall Tcheck Ttotal Status Flags
r-devel-linux-x86_64-debian-clang 1.3-9.1 6.46 37.57 44.03 OK
r-devel-linux-x86_64-debian-gcc 1.3-9.1 6.78 28.93 35.71 OK
r-devel-linux-x86_64-fedora-clang 1.3-9.1 65.03 NOTE
r-devel-linux-x86_64-fedora-gcc 1.3-9.1 64.65 OK
r-devel-windows-x86_64 1.3-9.1 40.00 63.00 103.00 OK
r-patched-linux-x86_64 1.3-9.1 8.73 35.27 44.00 OK
r-release-linux-x86_64 1.3-9.1 6.71 35.73 42.44 OK
r-release-macos-arm64 1.3-9.1 25.00 OK
r-release-macos-x86_64 1.3-9.1 32.00 OK
r-release-windows-x86_64 1.3-9.1 20.00 60.00 80.00 OK
r-oldrel-macos-arm64 1.3-9.1 30.00 OK
r-oldrel-macos-x86_64 1.3-9.1 44.00 OK
r-oldrel-windows-ix86+x86_64 1.3-9.1 22.00 51.00 73.00 OK

Check Details

Version: 1.3-9.1
Check: Rd cross-references
Result: NOTE
    Undeclared package ‘akima’ in Rd xrefs
Flavor: r-devel-linux-x86_64-fedora-clang