CRAN Package Check Results for Package trimr

Last updated on 2020-05-24 23:47:58 CEST.

Flavor Version Tinstall Tcheck Ttotal Status Flags
r-devel-linux-x86_64-debian-clang 1.0.1 2.05 25.55 27.60 NOTE
r-devel-linux-x86_64-debian-gcc 1.0.1 1.85 20.11 21.96 NOTE
r-devel-linux-x86_64-fedora-clang 1.0.1 37.42 OK
r-devel-linux-x86_64-fedora-gcc 1.0.1 35.76 OK
r-devel-windows-ix86+x86_64 1.0.1 10.00 39.00 49.00 NOTE
r-patched-linux-x86_64 1.0.1 2.55 25.31 27.86 NOTE
r-patched-solaris-x86 1.0.1 56.30 OK
r-release-linux-x86_64 1.0.1 2.43 25.27 27.70 NOTE
r-release-osx-x86_64 1.0.1 OK
r-release-windows-ix86+x86_64 1.0.1 6.00 53.00 59.00 NOTE
r-oldrel-osx-x86_64 1.0.1 OK
r-oldrel-windows-ix86+x86_64 1.0.1 5.00 50.00 55.00 OK

Check Details

Version: 1.0.1
Check: package vignettes
Result: NOTE
    Package vignette with placeholder title 'Vignette Title':
     'trimr-vignette.Rmd'
Flavors: r-devel-linux-x86_64-debian-clang, r-devel-linux-x86_64-debian-gcc, r-devel-windows-ix86+x86_64, r-patched-linux-x86_64, r-release-linux-x86_64, r-release-windows-ix86+x86_64