CRAN Package Check Results for Package trimr

Last updated on 2019-10-20 23:47:40 CEST.

Flavor Version Tinstall Tcheck Ttotal Status Flags
r-devel-linux-x86_64-debian-clang 1.0.1 2.32 24.13 26.45 NOTE
r-devel-linux-x86_64-debian-gcc 1.0.1 1.66 19.78 21.44 NOTE
r-devel-linux-x86_64-fedora-clang 1.0.1 33.60 OK
r-devel-linux-x86_64-fedora-gcc 1.0.1 32.47 OK
r-devel-windows-ix86+x86_64 1.0.1 6.00 51.00 57.00 NOTE
r-patched-linux-x86_64 1.0.1 1.87 23.89 25.76 OK
r-patched-solaris-x86 1.0.1 48.50 OK
r-release-linux-x86_64 1.0.1 2.08 24.39 26.47 OK
r-release-windows-ix86+x86_64 1.0.1 6.00 33.00 39.00 OK
r-release-osx-x86_64 1.0.1 OK
r-oldrel-windows-ix86+x86_64 1.0.1 3.00 35.00 38.00 OK
r-oldrel-osx-x86_64 1.0.1 OK

Check Details

Version: 1.0.1
Check: package vignettes
Result: NOTE
    Package vignette with placeholder title 'Vignette Title':
     'trimr-vignette.Rmd'
Flavors: r-devel-linux-x86_64-debian-clang, r-devel-linux-x86_64-debian-gcc, r-devel-windows-ix86+x86_64