Last updated on 2022-07-05 23:55:54 CEST.
Flavor | Version | Tinstall | Tcheck | Ttotal | Status | Flags |
---|---|---|---|---|---|---|
r-devel-linux-x86_64-debian-clang | 0.12 | 2.99 | 29.84 | 32.83 | NOTE | |
r-devel-linux-x86_64-debian-gcc | 0.12 | 2.17 | 22.88 | 25.05 | NOTE | |
r-devel-linux-x86_64-fedora-clang | 0.12 | 49.68 | NOTE | |||
r-devel-linux-x86_64-fedora-gcc | 0.12 | 48.39 | NOTE | |||
r-devel-windows-x86_64 | 0.12 | 15.00 | 65.00 | 80.00 | NOTE | |
r-patched-linux-x86_64 | 0.12 | 2.41 | 28.09 | 30.50 | NOTE | |
r-release-linux-x86_64 | 0.12 | 2.69 | 29.14 | 31.83 | NOTE | |
r-release-macos-arm64 | 0.12 | 18.00 | NOTE | |||
r-release-macos-x86_64 | 0.12 | 24.00 | NOTE | |||
r-release-windows-x86_64 | 0.12 | 7.00 | 66.00 | 73.00 | NOTE | |
r-oldrel-macos-arm64 | 0.12 | 26.00 | NOTE | |||
r-oldrel-macos-x86_64 | 0.12 | 34.00 | NOTE | |||
r-oldrel-windows-ix86+x86_64 | 0.12 | 6.00 | 47.00 | 53.00 | NOTE |
Version: 0.12
Check: Rd files
Result: NOTE
checkRd: (-1) ltriangle.Rd:63: Escaped LaTeX specials: \&
checkRd: (-1) triangle.Rd:70: Escaped LaTeX specials: \&
Flavors: r-devel-linux-x86_64-debian-clang, r-devel-linux-x86_64-debian-gcc, r-devel-linux-x86_64-fedora-clang, r-devel-linux-x86_64-fedora-gcc, r-devel-windows-x86_64
Version: 0.12
Check: LazyData
Result: NOTE
'LazyData' is specified without a 'data' directory
Flavors: r-devel-linux-x86_64-debian-clang, r-devel-linux-x86_64-debian-gcc, r-devel-linux-x86_64-fedora-clang, r-devel-linux-x86_64-fedora-gcc, r-devel-windows-x86_64, r-patched-linux-x86_64, r-release-linux-x86_64, r-release-macos-arm64, r-release-macos-x86_64, r-release-windows-x86_64, r-oldrel-macos-arm64, r-oldrel-macos-x86_64, r-oldrel-windows-ix86+x86_64