CRAN Package Check Results for Package trialr

Last updated on 2020-10-29 23:50:28 CET.

Flavor Version Tinstall Tcheck Ttotal Status Flags
r-devel-linux-x86_64-debian-clang 0.1.5 964.05 464.57 1428.62 NOTE
r-devel-linux-x86_64-debian-gcc 0.1.5 897.82 371.34 1269.16 NOTE
r-devel-linux-x86_64-fedora-clang 0.1.5 1969.66 NOTE
r-devel-linux-x86_64-fedora-gcc 0.1.5 2149.78 NOTE
r-devel-windows-ix86+x86_64 0.1.5 2038.00 869.00 2907.00 NOTE
r-patched-linux-x86_64 0.1.5 818.77 486.78 1305.55 NOTE
r-patched-solaris-x86 0.1.5 1819.70 NOTE
r-release-linux-x86_64 0.1.5 749.63 485.05 1234.68 NOTE
r-release-macos-x86_64 0.1.5 NOTE
r-release-windows-ix86+x86_64 0.1.5 1578.00 933.00 2511.00 NOTE
r-oldrel-macos-x86_64 0.1.5 NOTE
r-oldrel-windows-ix86+x86_64 0.1.5 1965.00 885.00 2850.00 NOTE

Check Details

Version: 0.1.5
Check: for GNU extensions in Makefiles
Result: NOTE
    GNU make is a SystemRequirements.
Flavors: r-devel-linux-x86_64-debian-clang, r-devel-linux-x86_64-debian-gcc, r-devel-linux-x86_64-fedora-clang, r-devel-linux-x86_64-fedora-gcc, r-devel-windows-ix86+x86_64, r-patched-linux-x86_64, r-patched-solaris-x86, r-release-linux-x86_64, r-release-macos-x86_64, r-release-windows-ix86+x86_64, r-oldrel-macos-x86_64, r-oldrel-windows-ix86+x86_64

Version: 0.1.5
Check: installed package size
Result: NOTE
     installed size is 147.9Mb
     sub-directories of 1Mb or more:
     doc 3.8Mb
     libs 143.0Mb
Flavors: r-devel-linux-x86_64-fedora-clang, r-devel-windows-ix86+x86_64, r-patched-solaris-x86, r-release-macos-x86_64, r-release-windows-ix86+x86_64, r-oldrel-macos-x86_64, r-oldrel-windows-ix86+x86_64