CRAN Package Check Results for Package treeclim

Last updated on 2021-03-01 23:49:11 CET.

Flavor Version Tinstall Tcheck Ttotal Status Flags
r-devel-linux-x86_64-debian-clang 2.0.5.1 OK
r-devel-linux-x86_64-debian-gcc 2.0.5.1 88.03 120.06 208.09 OK
r-devel-linux-x86_64-fedora-clang 2.0.5.1 387.96 NOTE
r-devel-linux-x86_64-fedora-gcc 2.0.5.1 360.38 OK
r-devel-windows-ix86+x86_64 2.0.5.1 216.00 224.00 440.00 OK
r-patched-linux-x86_64 2.0.5.1 102.22 155.74 257.96 OK
r-patched-solaris-x86 2.0.5.1 401.20 OK
r-release-linux-x86_64 2.0.5.1 102.89 155.00 257.89 OK
r-release-macos-x86_64 2.0.5.1 OK
r-release-windows-ix86+x86_64 2.0.5.1 308.00 304.00 612.00 OK
r-oldrel-macos-x86_64 2.0.5.1 OK
r-oldrel-windows-ix86+x86_64 2.0.5.1 199.00 242.00 441.00 OK

Check Details

Version: 2.0.5.1
Check: installed package size
Result: NOTE
     installed size is 5.8Mb
     sub-directories of 1Mb or more:
     libs 5.4Mb
Flavor: r-devel-linux-x86_64-fedora-clang

Version: 2.0.5.1
Check: Rd cross-references
Result: NOTE
    Undeclared package ‘dplR’ in Rd xrefs
Flavor: r-devel-linux-x86_64-fedora-clang