CRAN Package Check Results for Package trawl

Last updated on 2022-06-26 23:52:13 CEST.

Flavor Version Tinstall Tcheck Ttotal Status Flags
r-devel-linux-x86_64-debian-clang 0.2.2 3.88 108.77 112.65 NOTE
r-devel-linux-x86_64-debian-gcc 0.2.2 2.85 79.72 82.57 NOTE
r-devel-linux-x86_64-fedora-clang 0.2.2 145.26 NOTE
r-devel-linux-x86_64-fedora-gcc 0.2.2 150.58 NOTE
r-devel-windows-x86_64 0.2.2 18.00 191.00 209.00 NOTE
r-patched-linux-x86_64 0.2.2 4.03 106.41 110.44 NOTE
r-release-linux-x86_64 0.2.2 3.99 108.41 112.40 NOTE
r-release-macos-arm64 0.2.2 55.00 NOTE
r-release-macos-x86_64 0.2.2 105.00 NOTE
r-release-windows-x86_64 0.2.2 18.00 193.00 211.00 NOTE
r-oldrel-macos-arm64 0.2.2 68.00 NOTE
r-oldrel-macos-x86_64 0.2.2 126.00 NOTE
r-oldrel-windows-ix86+x86_64 0.2.2 12.00 183.00 195.00 NOTE

Check Details

Version: 0.2.2
Check: LazyData
Result: NOTE
     'LazyData' is specified without a 'data' directory
Flavors: r-devel-linux-x86_64-debian-clang, r-devel-linux-x86_64-debian-gcc, r-devel-linux-x86_64-fedora-clang, r-devel-linux-x86_64-fedora-gcc, r-devel-windows-x86_64, r-patched-linux-x86_64, r-release-linux-x86_64, r-release-macos-arm64, r-release-macos-x86_64, r-release-windows-x86_64, r-oldrel-macos-arm64, r-oldrel-macos-x86_64, r-oldrel-windows-ix86+x86_64