CRAN Package Check Results for Package translate

Last updated on 2021-01-18 23:49:48 CET.

Flavor Version Tinstall Tcheck Ttotal Status Flags
r-devel-linux-x86_64-debian-clang 0.1.2 2.71 32.34 35.05 NOTE
r-devel-linux-x86_64-debian-gcc 0.1.2 2.18 26.77 28.95 NOTE
r-devel-linux-x86_64-fedora-clang 0.1.2 56.93 NOTE
r-devel-linux-x86_64-fedora-gcc 0.1.2 44.06 NOTE
r-devel-windows-ix86+x86_64 0.1.2 5.00 46.00 51.00 NOTE
r-patched-linux-x86_64 0.1.2 2.57 31.37 33.94 NOTE
r-patched-solaris-x86 0.1.2 66.10 NOTE
r-release-linux-x86_64 0.1.2 2.69 31.89 34.58 NOTE
r-release-macos-x86_64 0.1.2 NOTE
r-release-windows-ix86+x86_64 0.1.2 5.00 41.00 46.00 NOTE
r-oldrel-macos-x86_64 0.1.2 NOTE
r-oldrel-windows-ix86+x86_64 0.1.2 4.00 39.00 43.00 NOTE

Check Details

Version: 0.1.2
Check: DESCRIPTION meta-information
Result: NOTE
    Malformed Description field: should contain one or more complete sentences.
Flavors: r-devel-linux-x86_64-debian-clang, r-devel-linux-x86_64-debian-gcc, r-devel-linux-x86_64-fedora-clang, r-devel-linux-x86_64-fedora-gcc, r-devel-windows-ix86+x86_64, r-patched-linux-x86_64, r-patched-solaris-x86, r-release-linux-x86_64, r-release-macos-x86_64, r-release-windows-ix86+x86_64, r-oldrel-macos-x86_64, r-oldrel-windows-ix86+x86_64