Last updated on 2022-06-24 23:50:25 CEST.
Flavor | Version | Tinstall | Tcheck | Ttotal | Status | Flags |
---|---|---|---|---|---|---|
r-devel-linux-x86_64-debian-clang | 1.2.2 | 13.43 | 91.08 | 104.51 | NOTE | |
r-devel-linux-x86_64-debian-gcc | 1.2.2 | 8.71 | 69.21 | 77.92 | NOTE | |
r-devel-linux-x86_64-fedora-clang | 1.2.2 | 131.97 | NOTE | |||
r-devel-linux-x86_64-fedora-gcc | 1.2.2 | 133.87 | NOTE | |||
r-devel-windows-x86_64 | 1.2.2 | 28.00 | 112.00 | 140.00 | NOTE | |
r-patched-linux-x86_64 | 1.2.2 | 12.47 | 87.11 | 99.58 | NOTE | |
r-release-linux-x86_64 | 1.2.2 | 12.15 | 88.24 | 100.39 | NOTE | |
r-release-macos-arm64 | 1.2.2 | 37.00 | NOTE | |||
r-release-macos-x86_64 | 1.2.2 | 54.00 | NOTE | |||
r-release-windows-x86_64 | 1.2.2 | 28.00 | 111.00 | 139.00 | NOTE | |
r-oldrel-macos-arm64 | 1.2.2 | 47.00 | NOTE | |||
r-oldrel-macos-x86_64 | 1.2.2 | 74.00 | NOTE | |||
r-oldrel-windows-ix86+x86_64 | 1.2.2 | 28.00 | 148.00 | 176.00 | NOTE |
Version: 1.2.2
Check: LazyData
Result: NOTE
'LazyData' is specified without a 'data' directory
Flavors: r-devel-linux-x86_64-debian-clang, r-devel-linux-x86_64-debian-gcc, r-devel-linux-x86_64-fedora-clang, r-devel-linux-x86_64-fedora-gcc, r-devel-windows-x86_64, r-patched-linux-x86_64, r-release-linux-x86_64, r-release-macos-arm64, r-release-macos-x86_64, r-release-windows-x86_64, r-oldrel-macos-arm64, r-oldrel-macos-x86_64, r-oldrel-windows-ix86+x86_64