CRAN Package Check Results for Package tramnet

Last updated on 2022-01-25 23:50:42 CET.

Flavor Version Tinstall Tcheck Ttotal Status Flags
r-devel-linux-x86_64-debian-clang 0.0-6 21.46 423.54 445.00 OK
r-devel-linux-x86_64-debian-gcc 0.0-6 17.83 320.92 338.75 OK
r-devel-linux-x86_64-fedora-clang 0.0-6 521.09 OK
r-devel-linux-x86_64-fedora-gcc 0.0-6 535.48 OK
r-devel-windows-x86_64-new-UL 0.0-6 45.00 489.00 534.00 OK
r-devel-windows-x86_64-new-TK 0.0-6 WARN
r-patched-linux-x86_64 0.0-6 21.22 369.59 390.81 OK
r-release-linux-x86_64 0.0-6 17.24 375.58 392.82 OK
r-release-macos-arm64 0.0-6 OK
r-release-macos-x86_64 0.0-6 OK
r-release-windows-ix86+x86_64 0.0-6 45.00 431.00 476.00 OK
r-oldrel-macos-x86_64 0.0-6 OK
r-oldrel-windows-ix86+x86_64 0.0-6 47.00 450.00 497.00 OK

Check Details

Version: 0.0-6
Check: re-building of vignette outputs
Result: WARN
    Error(s) in re-building vignettes:
    --- re-building 'tramnet.Rnw' using knitr
    Loading required package: tram
    Loading required package: mlt
    Loading required package: basefun
    Loading required package: variables
    Loading required package: CVXR
    
    Attaching package: 'CVXR'
    
    The following object is masked from 'package:stats':
    
     power
    
    Loading required package: mlrMBO
    Loading required package: mlr
    Loading required package: ParamHelpers
    Warning message: 'mlr' is in 'maintenance-only' mode since July
    2019. Future development will only happen in 'mlr3'
    (<https://mlr3.mlr-org.com>). Due to the focus on 'mlr3' there
    might be uncaught bugs meanwhile in {mlr} - please consider
    switching.
    Loading required package: smoof
    Loading required package: checkmate
    Loading required package: survival
    Welcome to penalized. For extended examples, see vignette("penalized").
    Loading required package: Matrix
    Loaded glmnet 4.1-3
    
    Attaching package: 'coin'
    
    The following object is masked from 'package:CVXR':
    
     size
    
    The following object is masked from 'package:variables':
    
     support
    
    
    warning: solve(): system is singular (rcond: 1.91008e-17); attempting approx solution
    
    warning: solve(): system is singular; attempting approx solution
    Warning in par(opar) : argument 1 does not name a graphical parameter
    
    warning: solve(): system is singular (rcond: 1.92453e-17); attempting approx solution
    
    warning: solve(): system is singular; attempting approx solution
    
    warning: solve(): system is singular (rcond: 1.92453e-17); attempting approx solution
    
    warning: solve(): system is singular; attempting approx solution
    
    warning: solve(): system is singular (rcond: 1.92453e-17); attempting approx solution
    Warning in system(paste(shQuote(texi2dvi), if (quiet) "--quiet" else "", :
     running command '"C:\PROGRA~1\MiKTeX\miktex\bin\x64\texify.exe" --quiet --pdf "tramnet.tex" --max-iterations=20 -I "C:/r_packages/rinst/share/texmf/tex/latex" -I "C:/r_packages/rinst/share/texmf/bibtex/bst"' had status 1
    Error: processing vignette 'tramnet.Rnw' failed with diagnostics:
    running 'texi2dvi' on 'tramnet.tex' failed
    
    LaTeX errors:
    ! LaTeX Error: File `tabu.sty' not found.
    
    Type X to quit or <RETURN> to proceed,
    or enter new name. (Default extension: sty)
    
    tramnet.tex:35: ==> Fatal error occurred, no output PDF file produced!
    
    --- failed re-building 'tramnet.Rnw'
    
    SUMMARY: processing the following file failed:
     'tramnet.Rnw'
    
    Error: Vignette re-building failed.
    Execution halted
Flavor: r-devel-windows-x86_64-new-TK