CRAN Package Check Results for Package tradepolicy

Last updated on 2022-11-26 23:58:29 CET.

Flavor Version Tinstall Tcheck Ttotal Status Flags
r-devel-linux-x86_64-debian-clang 0.6.0 14.54 112.63 127.17 OK
r-devel-linux-x86_64-debian-gcc 0.6.0 11.24 87.53 98.77 OK
r-devel-linux-x86_64-fedora-clang 0.6.0 166.25 NOTE
r-devel-linux-x86_64-fedora-gcc 0.6.0 158.36 NOTE
r-devel-windows-x86_64 0.6.0 22.00 132.00 154.00 OK
r-patched-linux-x86_64 0.6.0 OK
r-release-linux-x86_64 0.6.0 9.68 111.27 120.95 OK
r-release-macos-arm64 0.6.0 44.00 NOTE
r-release-macos-x86_64 0.6.0 76.00 NOTE
r-release-windows-x86_64 0.6.0 26.00 138.00 164.00 OK
r-oldrel-macos-arm64 0.6.0 41.00 NOTE
r-oldrel-macos-x86_64 0.6.0 65.00 NOTE
r-oldrel-windows-ix86+x86_64 0.6.0 30.00 139.00 169.00 OK

Check Details

Version: 0.6.0
Check: dependencies in R code
Result: NOTE
    Namespace in Imports field not imported from: ‘tibble’
     All declared Imports should be used.
Flavors: r-devel-linux-x86_64-fedora-clang, r-devel-linux-x86_64-fedora-gcc, r-release-macos-arm64, r-release-macos-x86_64, r-oldrel-macos-arm64, r-oldrel-macos-x86_64