Last updated on 2023-06-09 23:52:06 CEST.
Flavor | Version | Tinstall | Tcheck | Ttotal | Status | Flags |
---|---|---|---|---|---|---|
r-devel-linux-x86_64-debian-clang | 1.2 | 16.10 | 137.10 | 153.20 | OK | |
r-devel-linux-x86_64-debian-gcc | 1.2 | 14.36 | 103.24 | 117.60 | OK | |
r-devel-linux-x86_64-fedora-clang | 1.2 | 190.07 | NOTE | |||
r-devel-linux-x86_64-fedora-gcc | 1.2 | 181.07 | NOTE | |||
r-devel-windows-x86_64 | 1.2 | 17.00 | 106.00 | 123.00 | OK | |
r-patched-linux-x86_64 | 1.2 | 17.82 | 126.96 | 144.78 | OK | |
r-release-linux-x86_64 | 1.2 | 14.99 | 128.10 | 143.09 | OK | |
r-release-macos-arm64 | 1.2 | 57.00 | OK | |||
r-release-macos-x86_64 | 1.2 | 91.00 | OK | |||
r-release-windows-x86_64 | 1.2 | 21.00 | 130.00 | 151.00 | OK | |
r-oldrel-macos-arm64 | 1.2 | 50.00 | NOTE | |||
r-oldrel-macos-x86_64 | 1.2 | 80.00 | NOTE | |||
r-oldrel-windows-x86_64 | 1.2 | 22.00 | 139.00 | 161.00 | OK |
Version: 1.2
Check: dependencies in R code
Result: NOTE
Namespaces in Imports field not imported from:
‘V8’ ‘colorspace’
All declared Imports should be used.
Flavors: r-devel-linux-x86_64-fedora-clang, r-devel-linux-x86_64-fedora-gcc, r-oldrel-macos-arm64, r-oldrel-macos-x86_64