CRAN Package Check Results for Package topicdoc

Last updated on 2022-06-24 23:50:25 CEST.

Flavor Version Tinstall Tcheck Ttotal Status Flags
r-devel-linux-x86_64-debian-clang 0.1.0 3.65 114.04 117.69 NOTE
r-devel-linux-x86_64-debian-gcc 0.1.0 3.02 77.94 80.96 NOTE
r-devel-linux-x86_64-fedora-clang 0.1.0 152.91 NOTE
r-devel-linux-x86_64-fedora-gcc 0.1.0 158.59 NOTE
r-devel-windows-x86_64 0.1.0 18.00 171.00 189.00 NOTE
r-patched-linux-x86_64 0.1.0 3.32 116.12 119.44 NOTE
r-release-linux-x86_64 0.1.0 2.86 115.21 118.07 NOTE
r-release-macos-arm64 0.1.0 56.00 NOTE
r-release-macos-x86_64 0.1.0 79.00 NOTE
r-release-windows-x86_64 0.1.0 23.00 175.00 198.00 NOTE
r-oldrel-macos-arm64 0.1.0 73.00 NOTE
r-oldrel-macos-x86_64 0.1.0 116.00 NOTE
r-oldrel-windows-ix86+x86_64 0.1.0 10.00 187.00 197.00 NOTE

Check Details

Version: 0.1.0
Check: LazyData
Result: NOTE
     'LazyData' is specified without a 'data' directory
Flavors: r-devel-linux-x86_64-debian-clang, r-devel-linux-x86_64-debian-gcc, r-devel-linux-x86_64-fedora-clang, r-devel-linux-x86_64-fedora-gcc, r-devel-windows-x86_64, r-patched-linux-x86_64, r-release-linux-x86_64, r-release-macos-arm64, r-release-macos-x86_64, r-release-windows-x86_64, r-oldrel-macos-arm64, r-oldrel-macos-x86_64, r-oldrel-windows-ix86+x86_64

Version: 0.1.0
Check: Rd cross-references
Result: NOTE
    Undeclared package ‘stm’ in Rd xrefs
Flavor: r-devel-linux-x86_64-fedora-clang